{"id":2324,"date":"2014-07-15T15:59:19","date_gmt":"2014-07-15T15:59:19","guid":{"rendered":"http:\/\/aligator.cristaleria-aligator.com\/?page_id=2324"},"modified":"2019-12-18T16:35:21","modified_gmt":"2019-12-18T14:35:21","slug":"velas-solares-marbella","status":"publish","type":"page","link":"https:\/\/grupo-aligator.com\/es\/velas-solares-marbella\/","title":{"rendered":"Velas solares Marbella"},"content":{"rendered":"<div id=\"aligator-logo-es\"><\/div>\n<div class=\"toldos-top-logo\"><img decoding=\"async\" src=\"\/wp-content\/uploads\/2013\/09\/warema-logo.png\" \/><\/div>\n<div id=\"toldos-aligator-description\" class=\"small-text-description\">\n<p><span class=\"tlid-translation translation\" lang=\"es\"><span class=\"\" title=\"\">Velas solares Marbella se puede enrollar o instalar de forma permanente, siempre ajustada exactamente a sus necesidades.<\/span><\/span><\/p>\n<p>&nbsp;<\/p>\n<p>Descubra un nuevo, moderno y elegante mundo de placentera sombra. Su dise\u00f1o \u00fanico hace de la vela solar un estilo arquitect\u00f3nico que realza visualmente cualquier edificio. Usted tiene la posibilidad de elegir entre dos tipos de velas solares:<br \/>\nUna vela solar rigida para un montaje y desmontaje r\u00e1pido en espacios abiertos.<br \/>\nUna vela solar flexible para una instalaci\u00f3n fija.<\/p>\n<\/div>\n<div id=\"toldos-menu-content\">\n<div id=\"toldos-menu-line-1\">\n<div class=\"toldos-menu\"><a id=\"toldos-sonnensegel-warema-menu-item-1\" href=\"http:\/\/grupo-aligator.com\/es\/vela-solar-rigida-marbella\/\">S1<\/a><\/div>\n<div class=\"toldos-menu\"><a id=\"toldos-sonnensegel-warema-menu-item-2\" href=\"http:\/\/grupo-aligator.com\/es\/vela-solar-flexible-malaga\/\">S2<\/a><\/div>\n<\/div>\n<div id=\"toldos-menu-line-2\">\n<div class=\"toldos-menu\"><a id=\"toldos-sonnensegel-warema-menu-item-3\" href=\"http:\/\/grupo-aligator.com\/es\/vela-solar-flexible-y-asimetrica\/\">S3<\/a><\/div>\n<div class=\"toldos-menu\"><a id=\"toldos-sonnensegel-warema-menu-item-4\" href=\"http:\/\/grupo-aligator.com\/es\/vela-solar-flexible-unilateral\/\">S4<\/a><\/div>\n<\/div>\n<div id=\"toldos-menu-line-3\">\n<div class=\"toldos-menu\"><a id=\"toldos-sonnensegel-warema-menu-item-5\" class=\"double-line\" href=\"http:\/\/grupo-aligator.com\/es\/equipamiento-velas-solares-mijas\/\">Equipamiento especial<\/a><\/div>\n<\/div>\n<\/div>\n<div class=\"toldos-menu-images\">\n<p><img decoding=\"async\" id=\"toldos-sonnensegel-warema-menu-item-1-img\" src=\"\/wp-content\/uploads\/2013\/09\/sonnensegel-cat.jpg\" \/><\/p>\n<p><img decoding=\"async\" id=\"toldos-sonnensegel-warema-menu-item-2-img\" src=\"\/wp-content\/uploads\/2014\/07\/sonnensegel-warema-s2.jpg\" \/><\/p>\n<p><img decoding=\"async\" id=\"toldos-sonnensegel-warema-menu-item-3-img\" src=\"\/wp-content\/uploads\/2014\/07\/sonnensegel-warema-s3.jpg\" \/><\/p>\n<p><img decoding=\"async\" id=\"toldos-sonnensegel-warema-menu-item-4-img\" src=\"\/wp-content\/uploads\/2014\/07\/sonnensegel-warema-s4.jpg\" \/><\/p>\n<p><img decoding=\"async\" id=\"toldos-sonnensegel-warema-menu-item-5-img\" src=\"\/wp-content\/uploads\/2014\/07\/sonnensegel-warema-s4.jpg\" \/><\/p>\n<\/div>\n<p><script type=\"text\/javascript\">\n$(function() {\n    $('#toldos-sonnensegel-warema-menu-item-1').hover(function() { \n        $('#toldos-sonnensegel-warema-menu-item-1-img').show(); \n    }, function() { \n        $('#toldos-sonnensegel-warema-menu-item-1-img').hide(); \n    });\n    $('#toldos-sonnensegel-warema-menu-item-2').hover(function() { \n        $('#toldos-sonnensegel-warema-menu-item-2-img').show(); \n    }, function() { \n        $('#toldos-sonnensegel-warema-menu-item-2-img').hide(); \n    });\n    $('#toldos-sonnensegel-warema-menu-item-3').hover(function() { \n        $('#toldos-sonnensegel-warema-menu-item-3-img').show(); \n    }, function() { \n        $('#toldos-sonnensegel-warema-menu-item-3-img').hide(); \n    });\n    $('#toldos-sonnensegel-warema-menu-item-4').hover(function() { \n        $('#toldos-sonnensegel-warema-menu-item-4-img').show(); \n    }, function() { \n        $('#toldos-sonnensegel-warema-menu-item-4-img').hide(); \n    });\n    $('#toldos-sonnensegel-warema-menu-item-5').hover(function() { \n        $('#toldos-sonnensegel-warema-menu-item-5-img').show(); \n    }, function() { \n        $('#toldos-sonnensegel-warema-menu-item-5-img').hide(); \n    });\n});\n<\/script><\/p>\n","protected":false},"excerpt":{"rendered":"<p>Velas solares Marbella se puede enrollar o instalar de forma permanente, siempre ajustada exactamente a sus necesidades. &nbsp; Descubra un nuevo, moderno y elegante mundo de placentera sombra. Su dise\u00f1o \u00fanico hace de la vela solar un estilo arquitect\u00f3nico que realza visualmente cualquier edificio. Usted tiene la posibilidad de elegir entre dos tipos de velas solares: Una vela solar rigida para un montaje y desmontaje r\u00e1pido en espacios abiertos.<span class=\"ellipsis\">&hellip;<\/span><\/p>\n<div class=\"read-more\"><a href=\"https:\/\/grupo-aligator.com\/es\/velas-solares-marbella\/\">Read More&#8230;<\/a><\/div>\n<p><!-- end of .read-more --><\/p>\n","protected":false},"author":1,"featured_media":0,"parent":0,"menu_order":0,"comment_status":"closed","ping_status":"closed","template":"category-page.php","meta":[],"yoast_head":"<!-- This site is optimized with the Yoast SEO plugin v19.11 - https:\/\/yoast.com\/wordpress\/plugins\/seo\/ -->\n<title>Velas solares Marbella ofrece sombra a la Costa del Sol -Toldos Aligator<\/title>\n<meta name=\"description\" content=\"Velas solares Marbella ofrece sombra a la Costa del Sol -Toldos Aligator. Instalamos nuestros Velas solares desde Estepona a trav\u00e9s Mijas-Costa hasta M\u00e1laga\" \/>\n<meta name=\"robots\" content=\"index, follow, max-snippet:-1, max-image-preview:large, max-video-preview:-1\" \/>\n<link rel=\"canonical\" href=\"https:\/\/grupo-aligator.com\/es\/velas-solares-marbella\/\" \/>\n<meta property=\"og:locale\" content=\"es_ES\" \/>\n<meta property=\"og:type\" content=\"article\" \/>\n<meta property=\"og:title\" content=\"Velas solares Marbella ofrece sombra a la Costa del Sol -Toldos Aligator\" \/>\n<meta property=\"og:description\" content=\"Velas solares Marbella ofrece sombra a la Costa del Sol -Toldos Aligator. Instalamos nuestros Velas solares desde Estepona a trav\u00e9s Mijas-Costa hasta M\u00e1laga\" \/>\n<meta property=\"og:url\" content=\"https:\/\/grupo-aligator.com\/es\/velas-solares-marbella\/\" \/>\n<meta property=\"article:modified_time\" content=\"2019-12-18T14:35:21+00:00\" \/>\n<meta name=\"twitter:card\" content=\"summary_large_image\" \/>\n<script type=\"application\/ld+json\" class=\"yoast-schema-graph\">{\"@context\":\"https:\/\/schema.org\",\"@graph\":[{\"@type\":\"WebPage\",\"@id\":\"https:\/\/grupo-aligator.com\/es\/velas-solares-marbella\/\",\"url\":\"https:\/\/grupo-aligator.com\/es\/velas-solares-marbella\/\",\"name\":\"Velas solares Marbella ofrece sombra a la Costa del Sol -Toldos Aligator\",\"isPartOf\":{\"@id\":\"https:\/\/grupo-aligator.com\/es\/#website\"},\"datePublished\":\"2014-07-15T15:59:19+00:00\",\"dateModified\":\"2019-12-18T14:35:21+00:00\",\"description\":\"Velas solares Marbella ofrece sombra a la Costa del Sol -Toldos Aligator. Instalamos nuestros Velas solares desde Estepona a trav\u00e9s Mijas-Costa hasta M\u00e1laga\",\"breadcrumb\":{\"@id\":\"https:\/\/grupo-aligator.com\/es\/velas-solares-marbella\/#breadcrumb\"},\"inLanguage\":\"es\",\"potentialAction\":[{\"@type\":\"ReadAction\",\"target\":[\"https:\/\/grupo-aligator.com\/es\/velas-solares-marbella\/\"]}]},{\"@type\":\"BreadcrumbList\",\"@id\":\"https:\/\/grupo-aligator.com\/es\/velas-solares-marbella\/#breadcrumb\",\"itemListElement\":[{\"@type\":\"ListItem\",\"position\":1,\"name\":\"Home\",\"item\":\"https:\/\/grupo-aligator.com\/es\/\"},{\"@type\":\"ListItem\",\"position\":2,\"name\":\"Velas solares Marbella\"}]},{\"@type\":\"WebSite\",\"@id\":\"https:\/\/grupo-aligator.com\/es\/#website\",\"url\":\"https:\/\/grupo-aligator.com\/es\/\",\"name\":\"\",\"description\":\"\",\"publisher\":{\"@id\":\"https:\/\/grupo-aligator.com\/es\/#organization\"},\"potentialAction\":[{\"@type\":\"SearchAction\",\"target\":{\"@type\":\"EntryPoint\",\"urlTemplate\":\"https:\/\/grupo-aligator.com\/es\/?s={search_term_string}\"},\"query-input\":\"required name=search_term_string\"}],\"inLanguage\":\"es\"},{\"@type\":\"Organization\",\"@id\":\"https:\/\/grupo-aligator.com\/es\/#organization\",\"name\":\"Cristaleria Aligator S.L.\",\"url\":\"https:\/\/grupo-aligator.com\/es\/\",\"logo\":{\"@type\":\"ImageObject\",\"inLanguage\":\"es\",\"@id\":\"https:\/\/grupo-aligator.com\/es\/#\/schema\/logo\/image\/\",\"url\":\"http:\/\/grupo-aligator.com\/wp-content\/uploads\/2019\/11\/aligator-logo-de.png\",\"contentUrl\":\"http:\/\/grupo-aligator.com\/wp-content\/uploads\/2019\/11\/aligator-logo-de.png\",\"width\":150,\"height\":160,\"caption\":\"Cristaleria Aligator S.L.\"},\"image\":{\"@id\":\"https:\/\/grupo-aligator.com\/es\/#\/schema\/logo\/image\/\"}}]}<\/script>\n<!-- \/ Yoast SEO plugin. -->","yoast_head_json":{"title":"Velas solares Marbella ofrece sombra a la Costa del Sol -Toldos Aligator","description":"Velas solares Marbella ofrece sombra a la Costa del Sol -Toldos Aligator. Instalamos nuestros Velas solares desde Estepona a trav\u00e9s Mijas-Costa hasta M\u00e1laga","robots":{"index":"index","follow":"follow","max-snippet":"max-snippet:-1","max-image-preview":"max-image-preview:large","max-video-preview":"max-video-preview:-1"},"canonical":"https:\/\/grupo-aligator.com\/es\/velas-solares-marbella\/","og_locale":"es_ES","og_type":"article","og_title":"Velas solares Marbella ofrece sombra a la Costa del Sol -Toldos Aligator","og_description":"Velas solares Marbella ofrece sombra a la Costa del Sol -Toldos Aligator. Instalamos nuestros Velas solares desde Estepona a trav\u00e9s Mijas-Costa hasta M\u00e1laga","og_url":"https:\/\/grupo-aligator.com\/es\/velas-solares-marbella\/","article_modified_time":"2019-12-18T14:35:21+00:00","twitter_card":"summary_large_image","schema":{"@context":"https:\/\/schema.org","@graph":[{"@type":"WebPage","@id":"https:\/\/grupo-aligator.com\/es\/velas-solares-marbella\/","url":"https:\/\/grupo-aligator.com\/es\/velas-solares-marbella\/","name":"Velas solares Marbella ofrece sombra a la Costa del Sol -Toldos Aligator","isPartOf":{"@id":"https:\/\/grupo-aligator.com\/es\/#website"},"datePublished":"2014-07-15T15:59:19+00:00","dateModified":"2019-12-18T14:35:21+00:00","description":"Velas solares Marbella ofrece sombra a la Costa del Sol -Toldos Aligator. Instalamos nuestros Velas solares desde Estepona a trav\u00e9s Mijas-Costa hasta M\u00e1laga","breadcrumb":{"@id":"https:\/\/grupo-aligator.com\/es\/velas-solares-marbella\/#breadcrumb"},"inLanguage":"es","potentialAction":[{"@type":"ReadAction","target":["https:\/\/grupo-aligator.com\/es\/velas-solares-marbella\/"]}]},{"@type":"BreadcrumbList","@id":"https:\/\/grupo-aligator.com\/es\/velas-solares-marbella\/#breadcrumb","itemListElement":[{"@type":"ListItem","position":1,"name":"Home","item":"https:\/\/grupo-aligator.com\/es\/"},{"@type":"ListItem","position":2,"name":"Velas solares Marbella"}]},{"@type":"WebSite","@id":"https:\/\/grupo-aligator.com\/es\/#website","url":"https:\/\/grupo-aligator.com\/es\/","name":"","description":"","publisher":{"@id":"https:\/\/grupo-aligator.com\/es\/#organization"},"potentialAction":[{"@type":"SearchAction","target":{"@type":"EntryPoint","urlTemplate":"https:\/\/grupo-aligator.com\/es\/?s={search_term_string}"},"query-input":"required name=search_term_string"}],"inLanguage":"es"},{"@type":"Organization","@id":"https:\/\/grupo-aligator.com\/es\/#organization","name":"Cristaleria Aligator S.L.","url":"https:\/\/grupo-aligator.com\/es\/","logo":{"@type":"ImageObject","inLanguage":"es","@id":"https:\/\/grupo-aligator.com\/es\/#\/schema\/logo\/image\/","url":"http:\/\/grupo-aligator.com\/wp-content\/uploads\/2019\/11\/aligator-logo-de.png","contentUrl":"http:\/\/grupo-aligator.com\/wp-content\/uploads\/2019\/11\/aligator-logo-de.png","width":150,"height":160,"caption":"Cristaleria Aligator S.L."},"image":{"@id":"https:\/\/grupo-aligator.com\/es\/#\/schema\/logo\/image\/"}}]}},"_links":{"self":[{"href":"https:\/\/grupo-aligator.com\/es\/wp-json\/wp\/v2\/pages\/2324"}],"collection":[{"href":"https:\/\/grupo-aligator.com\/es\/wp-json\/wp\/v2\/pages"}],"about":[{"href":"https:\/\/grupo-aligator.com\/es\/wp-json\/wp\/v2\/types\/page"}],"author":[{"embeddable":true,"href":"https:\/\/grupo-aligator.com\/es\/wp-json\/wp\/v2\/users\/1"}],"replies":[{"embeddable":true,"href":"https:\/\/grupo-aligator.com\/es\/wp-json\/wp\/v2\/comments?post=2324"}],"version-history":[{"count":8,"href":"https:\/\/grupo-aligator.com\/es\/wp-json\/wp\/v2\/pages\/2324\/revisions"}],"predecessor-version":[{"id":7370,"href":"https:\/\/grupo-aligator.com\/es\/wp-json\/wp\/v2\/pages\/2324\/revisions\/7370"}],"wp:attachment":[{"href":"https:\/\/grupo-aligator.com\/es\/wp-json\/wp\/v2\/media?parent=2324"}],"curies":[{"name":"wp","href":"https:\/\/api.w.org\/{rel}","templated":true}]}}

<div id="aligator-logo-es"></div>
<div class="toldos-top-logo"><img decoding="async" src="/wp-content/uploads/2013/09/warema-logo.png" /></div>
<div id="toldos-aligator-description" class="small-text-description">
<p><span class="tlid-translation translation" lang="es"><span class="" title="">Velas solares Marbella se puede enrollar o instalar de forma permanente, siempre ajustada exactamente a sus necesidades.</span></span></p>
<p>&nbsp;</p>
<p>Descubra un nuevo, moderno y elegante mundo de placentera sombra. Su diseño único hace de la vela solar un estilo arquitectónico que realza visualmente cualquier edificio. Usted tiene la posibilidad de elegir entre dos tipos de velas solares:<br />
Una vela solar rigida para un montaje y desmontaje rápido en espacios abiertos.<br />
Una vela solar flexible para una instalación fija.</p>
</div>
<div id="toldos-menu-content">
<div id="toldos-menu-line-1">
<div class="toldos-menu"><a id="toldos-sonnensegel-warema-menu-item-1" href="http://grupo-aligator.com/es/vela-solar-rigida-marbella/">S1</a></div>
<div class="toldos-menu"><a id="toldos-sonnensegel-warema-menu-item-2" href="http://grupo-aligator.com/es/vela-solar-flexible-malaga/">S2</a></div>
</div>
<div id="toldos-menu-line-2">
<div class="toldos-menu"><a id="toldos-sonnensegel-warema-menu-item-3" href="http://grupo-aligator.com/es/vela-solar-flexible-y-asimetrica/">S3</a></div>
<div class="toldos-menu"><a id="toldos-sonnensegel-warema-menu-item-4" href="http://grupo-aligator.com/es/vela-solar-flexible-unilateral/">S4</a></div>
</div>
<div id="toldos-menu-line-3">
<div class="toldos-menu"><a id="toldos-sonnensegel-warema-menu-item-5" class="double-line" href="http://grupo-aligator.com/es/equipamiento-velas-solares-mijas/">Equipamiento especial</a></div>
</div>
</div>
<div class="toldos-menu-images">
<p><img decoding="async" id="toldos-sonnensegel-warema-menu-item-1-img" src="/wp-content/uploads/2013/09/sonnensegel-cat.jpg" /></p>
<p><img decoding="async" id="toldos-sonnensegel-warema-menu-item-2-img" src="/wp-content/uploads/2014/07/sonnensegel-warema-s2.jpg" /></p>
<p><img decoding="async" id="toldos-sonnensegel-warema-menu-item-3-img" src="/wp-content/uploads/2014/07/sonnensegel-warema-s3.jpg" /></p>
<p><img decoding="async" id="toldos-sonnensegel-warema-menu-item-4-img" src="/wp-content/uploads/2014/07/sonnensegel-warema-s4.jpg" /></p>
<p><img decoding="async" id="toldos-sonnensegel-warema-menu-item-5-img" src="/wp-content/uploads/2014/07/sonnensegel-warema-s4.jpg" /></p>
</div>
<p><script type="text/javascript">
$(function() {
    $('#toldos-sonnensegel-warema-menu-item-1').hover(function() { 
        $('#toldos-sonnensegel-warema-menu-item-1-img').show(); 
    }, function() { 
        $('#toldos-sonnensegel-warema-menu-item-1-img').hide(); 
    });
    $('#toldos-sonnensegel-warema-menu-item-2').hover(function() { 
        $('#toldos-sonnensegel-warema-menu-item-2-img').show(); 
    }, function() { 
        $('#toldos-sonnensegel-warema-menu-item-2-img').hide(); 
    });
    $('#toldos-sonnensegel-warema-menu-item-3').hover(function() { 
        $('#toldos-sonnensegel-warema-menu-item-3-img').show(); 
    }, function() { 
        $('#toldos-sonnensegel-warema-menu-item-3-img').hide(); 
    });
    $('#toldos-sonnensegel-warema-menu-item-4').hover(function() { 
        $('#toldos-sonnensegel-warema-menu-item-4-img').show(); 
    }, function() { 
        $('#toldos-sonnensegel-warema-menu-item-4-img').hide(); 
    });
    $('#toldos-sonnensegel-warema-menu-item-5').hover(function() { 
        $('#toldos-sonnensegel-warema-menu-item-5-img').show(); 
    }, function() { 
        $('#toldos-sonnensegel-warema-menu-item-5-img').hide(); 
    });
});
</script></p>

<p>Velas solares Marbella se puede enrollar o instalar de forma permanente, siempre ajustada exactamente a sus necesidades. &nbsp; Descubra un nuevo, moderno y elegante mundo de placentera sombra. Su diseño único hace de la vela solar un estilo arquitectónico que realza visualmente cualquier edificio. Usted tiene la posibilidad de elegir entre dos tipos de velas solares: Una vela solar rigida para un montaje y desmontaje rápido en espacios abiertos.<span class="ellipsis">&hellip;</span></p>
<div class="read-more"><a href="https://grupo-aligator.com/es/velas-solares-marbella/">Read More&#8230;</a></div>
<p><!-- end of .read-more --></p>

<!-- This site is optimized with the Yoast SEO plugin v19.11 - https://yoast.com/wordpress/plugins/seo/ -->
<title>Velas solares Marbella ofrece sombra a la Costa del Sol -Toldos Aligator</title>
<meta name="description" content="Velas solares Marbella ofrece sombra a la Costa del Sol -Toldos Aligator. Instalamos nuestros Velas solares desde Estepona a través Mijas-Costa hasta Málaga" />
<meta name="robots" content="index, follow, max-snippet:-1, max-image-preview:large, max-video-preview:-1" />
<link rel="canonical" href="https://grupo-aligator.com/es/velas-solares-marbella/" />
<meta property="og:locale" content="es_ES" />
<meta property="og:type" content="article" />
<meta property="og:title" content="Velas solares Marbella ofrece sombra a la Costa del Sol -Toldos Aligator" />
<meta property="og:description" content="Velas solares Marbella ofrece sombra a la Costa del Sol -Toldos Aligator. Instalamos nuestros Velas solares desde Estepona a través Mijas-Costa hasta Málaga" />
<meta property="og:url" content="https://grupo-aligator.com/es/velas-solares-marbella/" />
<meta property="article:modified_time" content="2019-12-18T14:35:21+00:00" />
<meta name="twitter:card" content="summary_large_image" />
<script type="application/ld+json" class="yoast-schema-graph">{"@context":"https://schema.org","@graph":[{"@type":"WebPage","@id":"https://grupo-aligator.com/es/velas-solares-marbella/","url":"https://grupo-aligator.com/es/velas-solares-marbella/","name":"Velas solares Marbella ofrece sombra a la Costa del Sol -Toldos Aligator","isPartOf":{"@id":"https://grupo-aligator.com/es/#website"},"datePublished":"2014-07-15T15:59:19+00:00","dateModified":"2019-12-18T14:35:21+00:00","description":"Velas solares Marbella ofrece sombra a la Costa del Sol -Toldos Aligator. Instalamos nuestros Velas solares desde Estepona a través Mijas-Costa hasta Málaga","breadcrumb":{"@id":"https://grupo-aligator.com/es/velas-solares-marbella/#breadcrumb"},"inLanguage":"es","potentialAction":[{"@type":"ReadAction","target":["https://grupo-aligator.com/es/velas-solares-marbella/"]}]},{"@type":"BreadcrumbList","@id":"https://grupo-aligator.com/es/velas-solares-marbella/#breadcrumb","itemListElement":[{"@type":"ListItem","position":1,"name":"Home","item":"https://grupo-aligator.com/es/"},{"@type":"ListItem","position":2,"name":"Velas solares Marbella"}]},{"@type":"WebSite","@id":"https://grupo-aligator.com/es/#website","url":"https://grupo-aligator.com/es/","name":"","description":"","publisher":{"@id":"https://grupo-aligator.com/es/#organization"},"potentialAction":[{"@type":"SearchAction","target":{"@type":"EntryPoint","urlTemplate":"https://grupo-aligator.com/es/?s={search_term_string}"},"query-input":"required name=search_term_string"}],"inLanguage":"es"},{"@type":"Organization","@id":"https://grupo-aligator.com/es/#organization","name":"Cristaleria Aligator S.L.","url":"https://grupo-aligator.com/es/","logo":{"@type":"ImageObject","inLanguage":"es","@id":"https://grupo-aligator.com/es/#/schema/logo/image/","url":"http://grupo-aligator.com/wp-content/uploads/2019/11/aligator-logo-de.png","contentUrl":"http://grupo-aligator.com/wp-content/uploads/2019/11/aligator-logo-de.png","width":150,"height":160,"caption":"Cristaleria Aligator S.L."},"image":{"@id":"https://grupo-aligator.com/es/#/schema/logo/image/"}}]}</script>
<!-- / Yoast SEO plugin. -->

Velas solares Marbella ofrece sombra a la Costa del Sol -Toldos Aligator. Instalamos nuestros Velas solares desde Estepona a través Mijas-Costa hasta Málaga
