{"id":1623,"date":"2014-07-11T09:12:57","date_gmt":"2014-07-11T09:12:57","guid":{"rendered":"http:\/\/aligator.cristaleria-aligator.com\/?page_id=1623"},"modified":"2019-12-16T16:29:29","modified_gmt":"2019-12-16T14:29:29","slug":"techo-movible-mijas","status":"publish","type":"page","link":"https:\/\/grupo-aligator.com\/es\/techo-movible-mijas\/","title":{"rendered":"Techo movible"},"content":{"rendered":"<div id=\"aligator-logo-es\"><\/div>\n<div class=\"toldos-top-logo\"><\/div>\n<div id=\"toldos-aligator-description\">\n<p>Llenado Las hojas de pared &#8216;se caracteriza por su buen aislamiento. Las placas est\u00e1n disponibles en mate transparente y lechoso. Debido a la ventaja de peso las posibles longitudes de espaciado vigas y el techo casi no hay l\u00edmites establecidos. Tambi\u00e9n deber\u00eda reflejarse en una sombra superpuesta adicional para evitar que el calor hacia arriba. Motores inal\u00e1mbricos regulan el sombreado incluso en combinaci\u00f3n con sensores de calor, sol y lluvia. Tenemos el techo adecuado para cada situaci\u00f3n.<\/p>\n<\/div>\n<div id=\"toldos-columns\">\n<div class=\"toldos-column\">\n<a href=\"http:\/\/grupo-aligator.com\/es\/uberdachung-schiebe-mit-glas\/\"><\/p>\n<div class=\"toldos-column-logo-text\" style=\"color: #006600; font-size: 22px; font-weight: bold; padding: 4px 0 18px 0; line-height: 26px;\">Ejecuci\u00f3n con el vidrio<\/div>\n<p><\/a><\/p>\n<div class=\"toldos-column-image\">\n<a href=\"http:\/\/grupo-aligator.com\/es\/uberdachung-schiebe-mit-glas\/\"><img src= \"\/wp-content\/uploads\/2014\/06\/1-13.jpg\" width=\"220\" height=\"260\" \/><\/a>\n<\/div>\n<\/div>\n<div class=\"toldos-column\">\n<a href=\"http:\/\/grupo-aligator.com\/es\/uberdachung-schiebe-mit-sandwich-geschaumt\/\"><\/p>\n<div class=\"toldos-column-logo-text\" style=\"color: #006600; font-size: 24px; font-weight: bold; padding: 4px 0 18px 0; line-height: 26px;\">Ejecuci\u00f3n s\u00e1ndwich de espuma<\/div>\n<p><\/a><\/p>\n<div class=\"toldos-column-image\">\n<a href=\"http:\/\/grupo-aligator.com\/es\/uberdachung-schiebe-mit-sandwich-geschaumt\/\"><img src= \"\/wp-content\/uploads\/2014\/06\/1-16.jpg\" width=\"220\" height=\"260\" \/><\/a>\n<\/div>\n<\/div>\n<div class=\"toldos-column\">\n<a href=\"http:\/\/grupo-aligator.com\/es\/uberdachung-schiebe-mit-stegplatte\/\"><\/p>\n<div class=\"toldos-column-logo-text\" style=\"color: #006600; font-size: 24px; font-weight: bold; padding: 4px 0 18px 0; line-height: 26px;\">Ejecuci\u00f3n con la hoja de la pared<\/div>\n<p><\/a><\/p>\n<div class=\"toldos-column-image\">\n<a href=\"http:\/\/grupo-aligator.com\/es\/uberdachung-schiebe-mit-stegplatte\/\"><img src= \"\/wp-content\/uploads\/2014\/06\/ausfuhrung-mit-stegplatte-cat.jpg\" width=\"220\" height=\"260\" \/><\/a>\n<\/div>\n<\/div>\n<\/div>\n","protected":false},"excerpt":{"rendered":"<p>Llenado Las hojas de pared &#8216;se caracteriza por su buen aislamiento. Las placas est\u00e1n disponibles en mate transparente y lechoso. Debido a la ventaja de peso las posibles longitudes de espaciado vigas y el techo casi no hay l\u00edmites establecidos. Tambi\u00e9n deber\u00eda reflejarse en una sombra superpuesta adicional para evitar que el calor hacia arriba. Motores inal\u00e1mbricos regulan el sombreado incluso en combinaci\u00f3n con sensores de calor, sol y<span class=\"ellipsis\">&hellip;<\/span><\/p>\n<div class=\"read-more\"><a href=\"https:\/\/grupo-aligator.com\/es\/techo-movible-mijas\/\">Read More&#8230;<\/a><\/div>\n<p><!-- end of .read-more --><\/p>\n","protected":false},"author":1,"featured_media":0,"parent":0,"menu_order":0,"comment_status":"closed","ping_status":"closed","template":"content-page.php","meta":[],"yoast_head":"<!-- This site is optimized with the Yoast SEO plugin v19.11 - https:\/\/yoast.com\/wordpress\/plugins\/seo\/ -->\n<title>Techo movible Mijas, Tarifa, Malaga, Marbella, Torrox - Cristaleria Aligator<\/title>\n<meta name=\"description\" content=\"Techo movible Mijas, Tarifa, Malaga, Marbella, Torrox - Cristaleria Aligator tambi\u00e9n instala jard\u00edn de invierno, cortinas de vidrio en Sotogrande Costa del Sol\" \/>\n<meta name=\"robots\" content=\"index, follow, max-snippet:-1, max-image-preview:large, max-video-preview:-1\" \/>\n<link rel=\"canonical\" href=\"https:\/\/grupo-aligator.com\/es\/techo-movible-mijas\/\" \/>\n<meta property=\"og:locale\" content=\"es_ES\" \/>\n<meta property=\"og:type\" content=\"article\" \/>\n<meta property=\"og:title\" content=\"Techo movible Mijas, Tarifa, Malaga, Marbella, Torrox - Cristaleria Aligator\" \/>\n<meta property=\"og:description\" content=\"Techo movible Mijas, Tarifa, Malaga, Marbella, Torrox - Cristaleria Aligator tambi\u00e9n instala jard\u00edn de invierno, cortinas de vidrio en Sotogrande Costa del Sol\" \/>\n<meta property=\"og:url\" content=\"https:\/\/grupo-aligator.com\/es\/techo-movible-mijas\/\" \/>\n<meta property=\"article:modified_time\" content=\"2019-12-16T14:29:29+00:00\" \/>\n<meta name=\"twitter:card\" content=\"summary_large_image\" \/>\n<meta name=\"twitter:label1\" content=\"Tiempo de lectura\" \/>\n\t<meta name=\"twitter:data1\" content=\"1 minuto\" \/>\n<script type=\"application\/ld+json\" class=\"yoast-schema-graph\">{\"@context\":\"https:\/\/schema.org\",\"@graph\":[{\"@type\":\"WebPage\",\"@id\":\"https:\/\/grupo-aligator.com\/es\/techo-movible-mijas\/\",\"url\":\"https:\/\/grupo-aligator.com\/es\/techo-movible-mijas\/\",\"name\":\"Techo movible Mijas, Tarifa, Malaga, Marbella, Torrox - Cristaleria Aligator\",\"isPartOf\":{\"@id\":\"https:\/\/grupo-aligator.com\/es\/#website\"},\"datePublished\":\"2014-07-11T09:12:57+00:00\",\"dateModified\":\"2019-12-16T14:29:29+00:00\",\"description\":\"Techo movible Mijas, Tarifa, Malaga, Marbella, Torrox - Cristaleria Aligator tambi\u00e9n instala jard\u00edn de invierno, cortinas de vidrio en Sotogrande Costa del Sol\",\"breadcrumb\":{\"@id\":\"https:\/\/grupo-aligator.com\/es\/techo-movible-mijas\/#breadcrumb\"},\"inLanguage\":\"es\",\"potentialAction\":[{\"@type\":\"ReadAction\",\"target\":[\"https:\/\/grupo-aligator.com\/es\/techo-movible-mijas\/\"]}]},{\"@type\":\"BreadcrumbList\",\"@id\":\"https:\/\/grupo-aligator.com\/es\/techo-movible-mijas\/#breadcrumb\",\"itemListElement\":[{\"@type\":\"ListItem\",\"position\":1,\"name\":\"Home\",\"item\":\"https:\/\/grupo-aligator.com\/es\/\"},{\"@type\":\"ListItem\",\"position\":2,\"name\":\"Techo movible\"}]},{\"@type\":\"WebSite\",\"@id\":\"https:\/\/grupo-aligator.com\/es\/#website\",\"url\":\"https:\/\/grupo-aligator.com\/es\/\",\"name\":\"\",\"description\":\"\",\"publisher\":{\"@id\":\"https:\/\/grupo-aligator.com\/es\/#organization\"},\"potentialAction\":[{\"@type\":\"SearchAction\",\"target\":{\"@type\":\"EntryPoint\",\"urlTemplate\":\"https:\/\/grupo-aligator.com\/es\/?s={search_term_string}\"},\"query-input\":\"required name=search_term_string\"}],\"inLanguage\":\"es\"},{\"@type\":\"Organization\",\"@id\":\"https:\/\/grupo-aligator.com\/es\/#organization\",\"name\":\"Cristaleria Aligator S.L.\",\"url\":\"https:\/\/grupo-aligator.com\/es\/\",\"logo\":{\"@type\":\"ImageObject\",\"inLanguage\":\"es\",\"@id\":\"https:\/\/grupo-aligator.com\/es\/#\/schema\/logo\/image\/\",\"url\":\"http:\/\/grupo-aligator.com\/wp-content\/uploads\/2019\/11\/aligator-logo-de.png\",\"contentUrl\":\"http:\/\/grupo-aligator.com\/wp-content\/uploads\/2019\/11\/aligator-logo-de.png\",\"width\":150,\"height\":160,\"caption\":\"Cristaleria Aligator S.L.\"},\"image\":{\"@id\":\"https:\/\/grupo-aligator.com\/es\/#\/schema\/logo\/image\/\"}}]}<\/script>\n<!-- \/ Yoast SEO plugin. -->","yoast_head_json":{"title":"Techo movible Mijas, Tarifa, Malaga, Marbella, Torrox - Cristaleria Aligator","description":"Techo movible Mijas, Tarifa, Malaga, Marbella, Torrox - Cristaleria Aligator tambi\u00e9n instala jard\u00edn de invierno, cortinas de vidrio en Sotogrande Costa del Sol","robots":{"index":"index","follow":"follow","max-snippet":"max-snippet:-1","max-image-preview":"max-image-preview:large","max-video-preview":"max-video-preview:-1"},"canonical":"https:\/\/grupo-aligator.com\/es\/techo-movible-mijas\/","og_locale":"es_ES","og_type":"article","og_title":"Techo movible Mijas, Tarifa, Malaga, Marbella, Torrox - Cristaleria Aligator","og_description":"Techo movible Mijas, Tarifa, Malaga, Marbella, Torrox - Cristaleria Aligator tambi\u00e9n instala jard\u00edn de invierno, cortinas de vidrio en Sotogrande Costa del Sol","og_url":"https:\/\/grupo-aligator.com\/es\/techo-movible-mijas\/","article_modified_time":"2019-12-16T14:29:29+00:00","twitter_card":"summary_large_image","twitter_misc":{"Tiempo de lectura":"1 minuto"},"schema":{"@context":"https:\/\/schema.org","@graph":[{"@type":"WebPage","@id":"https:\/\/grupo-aligator.com\/es\/techo-movible-mijas\/","url":"https:\/\/grupo-aligator.com\/es\/techo-movible-mijas\/","name":"Techo movible Mijas, Tarifa, Malaga, Marbella, Torrox - Cristaleria Aligator","isPartOf":{"@id":"https:\/\/grupo-aligator.com\/es\/#website"},"datePublished":"2014-07-11T09:12:57+00:00","dateModified":"2019-12-16T14:29:29+00:00","description":"Techo movible Mijas, Tarifa, Malaga, Marbella, Torrox - Cristaleria Aligator tambi\u00e9n instala jard\u00edn de invierno, cortinas de vidrio en Sotogrande Costa del Sol","breadcrumb":{"@id":"https:\/\/grupo-aligator.com\/es\/techo-movible-mijas\/#breadcrumb"},"inLanguage":"es","potentialAction":[{"@type":"ReadAction","target":["https:\/\/grupo-aligator.com\/es\/techo-movible-mijas\/"]}]},{"@type":"BreadcrumbList","@id":"https:\/\/grupo-aligator.com\/es\/techo-movible-mijas\/#breadcrumb","itemListElement":[{"@type":"ListItem","position":1,"name":"Home","item":"https:\/\/grupo-aligator.com\/es\/"},{"@type":"ListItem","position":2,"name":"Techo movible"}]},{"@type":"WebSite","@id":"https:\/\/grupo-aligator.com\/es\/#website","url":"https:\/\/grupo-aligator.com\/es\/","name":"","description":"","publisher":{"@id":"https:\/\/grupo-aligator.com\/es\/#organization"},"potentialAction":[{"@type":"SearchAction","target":{"@type":"EntryPoint","urlTemplate":"https:\/\/grupo-aligator.com\/es\/?s={search_term_string}"},"query-input":"required name=search_term_string"}],"inLanguage":"es"},{"@type":"Organization","@id":"https:\/\/grupo-aligator.com\/es\/#organization","name":"Cristaleria Aligator S.L.","url":"https:\/\/grupo-aligator.com\/es\/","logo":{"@type":"ImageObject","inLanguage":"es","@id":"https:\/\/grupo-aligator.com\/es\/#\/schema\/logo\/image\/","url":"http:\/\/grupo-aligator.com\/wp-content\/uploads\/2019\/11\/aligator-logo-de.png","contentUrl":"http:\/\/grupo-aligator.com\/wp-content\/uploads\/2019\/11\/aligator-logo-de.png","width":150,"height":160,"caption":"Cristaleria Aligator S.L."},"image":{"@id":"https:\/\/grupo-aligator.com\/es\/#\/schema\/logo\/image\/"}}]}},"_links":{"self":[{"href":"https:\/\/grupo-aligator.com\/es\/wp-json\/wp\/v2\/pages\/1623"}],"collection":[{"href":"https:\/\/grupo-aligator.com\/es\/wp-json\/wp\/v2\/pages"}],"about":[{"href":"https:\/\/grupo-aligator.com\/es\/wp-json\/wp\/v2\/types\/page"}],"author":[{"embeddable":true,"href":"https:\/\/grupo-aligator.com\/es\/wp-json\/wp\/v2\/users\/1"}],"replies":[{"embeddable":true,"href":"https:\/\/grupo-aligator.com\/es\/wp-json\/wp\/v2\/comments?post=1623"}],"version-history":[{"count":10,"href":"https:\/\/grupo-aligator.com\/es\/wp-json\/wp\/v2\/pages\/1623\/revisions"}],"predecessor-version":[{"id":7352,"href":"https:\/\/grupo-aligator.com\/es\/wp-json\/wp\/v2\/pages\/1623\/revisions\/7352"}],"wp:attachment":[{"href":"https:\/\/grupo-aligator.com\/es\/wp-json\/wp\/v2\/media?parent=1623"}],"curies":[{"name":"wp","href":"https:\/\/api.w.org\/{rel}","templated":true}]}}

<div id="aligator-logo-es"></div>
<div class="toldos-top-logo"></div>
<div id="toldos-aligator-description">
<p>Llenado Las hojas de pared &#8216;se caracteriza por su buen aislamiento. Las placas están disponibles en mate transparente y lechoso. Debido a la ventaja de peso las posibles longitudes de espaciado vigas y el techo casi no hay límites establecidos. También debería reflejarse en una sombra superpuesta adicional para evitar que el calor hacia arriba. Motores inalámbricos regulan el sombreado incluso en combinación con sensores de calor, sol y lluvia. Tenemos el techo adecuado para cada situación.</p>
</div>
<div id="toldos-columns">
<div class="toldos-column">
<a href="http://grupo-aligator.com/es/uberdachung-schiebe-mit-glas/"></p>
<div class="toldos-column-logo-text" style="color: #006600; font-size: 22px; font-weight: bold; padding: 4px 0 18px 0; line-height: 26px;">Ejecución con el vidrio</div>
<p></a></p>
<div class="toldos-column-image">
<a href="http://grupo-aligator.com/es/uberdachung-schiebe-mit-glas/"><img src= "/wp-content/uploads/2014/06/1-13.jpg" width="220" height="260" /></a>
</div>
</div>
<div class="toldos-column">
<a href="http://grupo-aligator.com/es/uberdachung-schiebe-mit-sandwich-geschaumt/"></p>
<div class="toldos-column-logo-text" style="color: #006600; font-size: 24px; font-weight: bold; padding: 4px 0 18px 0; line-height: 26px;">Ejecución sándwich de espuma</div>
<p></a></p>
<div class="toldos-column-image">
<a href="http://grupo-aligator.com/es/uberdachung-schiebe-mit-sandwich-geschaumt/"><img src= "/wp-content/uploads/2014/06/1-16.jpg" width="220" height="260" /></a>
</div>
</div>
<div class="toldos-column">
<a href="http://grupo-aligator.com/es/uberdachung-schiebe-mit-stegplatte/"></p>
<div class="toldos-column-logo-text" style="color: #006600; font-size: 24px; font-weight: bold; padding: 4px 0 18px 0; line-height: 26px;">Ejecución con la hoja de la pared</div>
<p></a></p>
<div class="toldos-column-image">
<a href="http://grupo-aligator.com/es/uberdachung-schiebe-mit-stegplatte/"><img src= "/wp-content/uploads/2014/06/ausfuhrung-mit-stegplatte-cat.jpg" width="220" height="260" /></a>
</div>
</div>
</div>

<p>Llenado Las hojas de pared &#8216;se caracteriza por su buen aislamiento. Las placas están disponibles en mate transparente y lechoso. Debido a la ventaja de peso las posibles longitudes de espaciado vigas y el techo casi no hay límites establecidos. También debería reflejarse en una sombra superpuesta adicional para evitar que el calor hacia arriba. Motores inalámbricos regulan el sombreado incluso en combinación con sensores de calor, sol y<span class="ellipsis">&hellip;</span></p>
<div class="read-more"><a href="https://grupo-aligator.com/es/techo-movible-mijas/">Read More&#8230;</a></div>
<p><!-- end of .read-more --></p>

<!-- This site is optimized with the Yoast SEO plugin v19.11 - https://yoast.com/wordpress/plugins/seo/ -->
<title>Techo movible Mijas, Tarifa, Malaga, Marbella, Torrox - Cristaleria Aligator</title>
<meta name="description" content="Techo movible Mijas, Tarifa, Malaga, Marbella, Torrox - Cristaleria Aligator también instala jardín de invierno, cortinas de vidrio en Sotogrande Costa del Sol" />
<meta name="robots" content="index, follow, max-snippet:-1, max-image-preview:large, max-video-preview:-1" />
<link rel="canonical" href="https://grupo-aligator.com/es/techo-movible-mijas/" />
<meta property="og:locale" content="es_ES" />
<meta property="og:type" content="article" />
<meta property="og:title" content="Techo movible Mijas, Tarifa, Malaga, Marbella, Torrox - Cristaleria Aligator" />
<meta property="og:description" content="Techo movible Mijas, Tarifa, Malaga, Marbella, Torrox - Cristaleria Aligator también instala jardín de invierno, cortinas de vidrio en Sotogrande Costa del Sol" />
<meta property="og:url" content="https://grupo-aligator.com/es/techo-movible-mijas/" />
<meta property="article:modified_time" content="2019-12-16T14:29:29+00:00" />
<meta name="twitter:card" content="summary_large_image" />
<meta name="twitter:label1" content="Tiempo de lectura" />
	<meta name="twitter:data1" content="1 minuto" />
<script type="application/ld+json" class="yoast-schema-graph">{"@context":"https://schema.org","@graph":[{"@type":"WebPage","@id":"https://grupo-aligator.com/es/techo-movible-mijas/","url":"https://grupo-aligator.com/es/techo-movible-mijas/","name":"Techo movible Mijas, Tarifa, Malaga, Marbella, Torrox - Cristaleria Aligator","isPartOf":{"@id":"https://grupo-aligator.com/es/#website"},"datePublished":"2014-07-11T09:12:57+00:00","dateModified":"2019-12-16T14:29:29+00:00","description":"Techo movible Mijas, Tarifa, Malaga, Marbella, Torrox - Cristaleria Aligator también instala jardín de invierno, cortinas de vidrio en Sotogrande Costa del Sol","breadcrumb":{"@id":"https://grupo-aligator.com/es/techo-movible-mijas/#breadcrumb"},"inLanguage":"es","potentialAction":[{"@type":"ReadAction","target":["https://grupo-aligator.com/es/techo-movible-mijas/"]}]},{"@type":"BreadcrumbList","@id":"https://grupo-aligator.com/es/techo-movible-mijas/#breadcrumb","itemListElement":[{"@type":"ListItem","position":1,"name":"Home","item":"https://grupo-aligator.com/es/"},{"@type":"ListItem","position":2,"name":"Techo movible"}]},{"@type":"WebSite","@id":"https://grupo-aligator.com/es/#website","url":"https://grupo-aligator.com/es/","name":"","description":"","publisher":{"@id":"https://grupo-aligator.com/es/#organization"},"potentialAction":[{"@type":"SearchAction","target":{"@type":"EntryPoint","urlTemplate":"https://grupo-aligator.com/es/?s={search_term_string}"},"query-input":"required name=search_term_string"}],"inLanguage":"es"},{"@type":"Organization","@id":"https://grupo-aligator.com/es/#organization","name":"Cristaleria Aligator S.L.","url":"https://grupo-aligator.com/es/","logo":{"@type":"ImageObject","inLanguage":"es","@id":"https://grupo-aligator.com/es/#/schema/logo/image/","url":"http://grupo-aligator.com/wp-content/uploads/2019/11/aligator-logo-de.png","contentUrl":"http://grupo-aligator.com/wp-content/uploads/2019/11/aligator-logo-de.png","width":150,"height":160,"caption":"Cristaleria Aligator S.L."},"image":{"@id":"https://grupo-aligator.com/es/#/schema/logo/image/"}}]}</script>
<!-- / Yoast SEO plugin. -->

Techo movible Mijas, Tarifa, Malaga, Marbella, Torrox - Cristaleria Aligator también instala jardín de invierno, cortinas de vidrio en Sotogrande Costa del Sol
