{"id":2513,"date":"2014-07-15T16:54:21","date_gmt":"2014-07-15T16:54:21","guid":{"rendered":"http:\/\/aligator.cristaleria-aligator.com\/?page_id=2513"},"modified":"2014-07-22T13:09:05","modified_gmt":"2014-07-22T13:09:05","slug":"vertikal-jalousien","status":"publish","type":"page","link":"https:\/\/grupo-aligator.com\/de\/vertikal-jalousien\/","title":{"rendered":"Vertikal-Jalousien"},"content":{"rendered":"<div id=\"aligator-logo-de\"><\/div>\n<div class=\"toldos-top-logo\"><img decoding=\"async\" src=\"\/wp-content\/uploads\/2013\/09\/warema-logo.png\" \/><\/div>\n<div id=\"toldos-aligator-description\">\n<p>WAREMA Vertikal-Jalousien sind der elegante Sonnenschutz f\u00fcr Wohnr\u00e4ume mit weiten Fl\u00e4chen. Ob als Sonnenschutz am Fenster, im Wintergarten oder als Raumteiler &#8211; ihr ungew\u00f6hnliches Design schafft in jedem Raum eine angenehm wohnliche und stilvolle Atmosph\u00e4re.<\/p>\n<\/div>\n<div id=\"toldos-menu-content\">\n<div id=\"toldos-menu-line-1\">\n<div class=\"toldos-menu\"><a href=\"http:\/\/grupo-aligator.com\/de\/standardanlagen\/\" id=\"toldos-kassetten-markisen-menu-item-1\">Standardanlagen<\/a><\/div>\n<div class=\"toldos-menu\"><a href=\"http:\/\/grupo-aligator.com\/de\/horizontal-gebogen\/\" id=\"toldos-kassetten-markisen-menu-item-2\">Horizontal Gebogen<\/a><\/div>\n<\/div>\n<div id=\"toldos-menu-line-2\">\n<div class=\"toldos-menu\"><a href=\"http:\/\/grupo-aligator.com\/de\/vertikal-gebogen\/\" id=\"toldos-kassetten-markisen-menu-item-3\">Vertikal Gebogen<\/a><\/div>\n<div class=\"toldos-menu\"><a href=\"http:\/\/grupo-aligator.com\/de\/slope-anlage\/\" id=\"toldos-kassetten-markisen-menu-item-4\">Slope-Anlage<\/a><\/div>\n<\/div>\n<\/div>\n<div class=\"toldos-menu-images\">\n<p><img decoding=\"async\" id=\"toldos-kassetten-markisen-menu-item-1-img\" src=\"\/wp-content\/uploads\/2014\/07\/innenliegende-beschattung-vertikal-jalousien-cat.jpg\" \/><\/p>\n<p><img decoding=\"async\" id=\"toldos-kassetten-markisen-menu-item-2-img\" src=\"\/wp-content\/uploads\/2014\/07\/vertikal-jalousien-horizontal-gebogen.jpg\" \/><\/p>\n<p><img decoding=\"async\" id=\"toldos-kassetten-markisen-menu-item-3-img\" src=\"\/wp-content\/uploads\/2014\/07\/vertikal-jalousien-vertikal-gebogen.jpg\" \/><\/p>\n<p><img decoding=\"async\" id=\"toldos-kassetten-markisen-menu-item-4-img\" src=\"\/wp-content\/uploads\/2014\/07\/vertikal-jalousien-slope-anlage.jpg\" \/><\/p>\n<p><img decoding=\"async\" id=\"toldos-kassetten-markisen-menu-item-5-img\" src=\"#\" \/><\/p>\n<p><img decoding=\"async\" id=\"toldos-kassetten-markisen-menu-item-6-img\" src=\"#\" \/><\/p>\n<\/div>\n<p><script type=\"text\/javascript\">\n$(function() {\n    $('#toldos-kassetten-markisen-menu-item-1').hover(function() { \n        $('#toldos-kassetten-markisen-menu-item-1-img').show(); \n    }, function() { \n        $('#toldos-kassetten-markisen-menu-item-1-img').hide(); \n    });\n    $('#toldos-kassetten-markisen-menu-item-2').hover(function() { \n        $('#toldos-kassetten-markisen-menu-item-2-img').show(); \n    }, function() { \n        $('#toldos-kassetten-markisen-menu-item-2-img').hide(); \n    });\n    $('#toldos-kassetten-markisen-menu-item-3').hover(function() { \n        $('#toldos-kassetten-markisen-menu-item-3-img').show(); \n    }, function() { \n        $('#toldos-kassetten-markisen-menu-item-3-img').hide(); \n    });\n    $('#toldos-kassetten-markisen-menu-item-4').hover(function() { \n        $('#toldos-kassetten-markisen-menu-item-4-img').show(); \n    }, function() { \n        $('#toldos-kassetten-markisen-menu-item-4-img').hide(); \n    });\n    $('#toldos-kassetten-markisen-menu-item-5').hover(function() { \n        $('#toldos-kassetten-markisen-menu-item-5-img').show(); \n    }, function() { \n        $('#toldos-kassetten-markisen-menu-item-5-img').hide(); \n    });\n    $('#toldos-kassetten-markisen-menu-item-6').hover(function() { \n        $('#toldos-kassetten-markisen-menu-item-6-img').show(); \n    }, function() { \n        $('#toldos-kassetten-markisen-menu-item-6-img').hide(); \n    });\n});\n<\/script><\/p>\n","protected":false},"excerpt":{"rendered":"<p>WAREMA Vertikal-Jalousien sind der elegante Sonnenschutz f\u00fcr Wohnr\u00e4ume mit weiten Fl\u00e4chen. Ob als Sonnenschutz am Fenster, im Wintergarten oder als Raumteiler &#8211; ihr ungew\u00f6hnliches Design schafft in jedem Raum eine angenehm wohnliche und stilvolle Atmosph\u00e4re. Standardanlagen Horizontal Gebogen Vertikal Gebogen Slope-Anlage<\/p>\n","protected":false},"author":1,"featured_media":0,"parent":0,"menu_order":0,"comment_status":"closed","ping_status":"closed","template":"category-page.php","meta":[],"yoast_head":"<!-- This site is optimized with the Yoast SEO plugin v19.11 - https:\/\/yoast.com\/wordpress\/plugins\/seo\/ -->\n<title>Vertikal-Jalousien Mijas, Tarifa, Malaga, Marbella, Torrox - Cristaleria Aligator<\/title>\n<meta name=\"description\" content=\"Vertikal-Jalousien Mijas, Tarifa, Malaga, Marbella, Torrox - Cristaleria Aligator Wintergarten und Terrassenverglasung auch in Sotogrande Costa del Sol\" \/>\n<meta name=\"robots\" content=\"index, follow, max-snippet:-1, max-image-preview:large, max-video-preview:-1\" \/>\n<link rel=\"canonical\" href=\"https:\/\/grupo-aligator.com\/de\/vertikal-jalousien\/\" \/>\n<meta property=\"og:locale\" content=\"de_DE\" \/>\n<meta property=\"og:type\" content=\"article\" \/>\n<meta property=\"og:title\" content=\"Vertikal-Jalousien Mijas, Tarifa, Malaga, Marbella, Torrox - Cristaleria Aligator\" \/>\n<meta property=\"og:description\" content=\"Vertikal-Jalousien Mijas, Tarifa, Malaga, Marbella, Torrox - Cristaleria Aligator Wintergarten und Terrassenverglasung auch in Sotogrande Costa del Sol\" \/>\n<meta property=\"og:url\" content=\"https:\/\/grupo-aligator.com\/de\/vertikal-jalousien\/\" \/>\n<meta property=\"article:modified_time\" content=\"2014-07-22T13:09:05+00:00\" \/>\n<meta name=\"twitter:card\" content=\"summary_large_image\" \/>\n<script type=\"application\/ld+json\" class=\"yoast-schema-graph\">{\"@context\":\"https:\/\/schema.org\",\"@graph\":[{\"@type\":\"WebPage\",\"@id\":\"https:\/\/grupo-aligator.com\/de\/vertikal-jalousien\/\",\"url\":\"https:\/\/grupo-aligator.com\/de\/vertikal-jalousien\/\",\"name\":\"Vertikal-Jalousien Mijas, Tarifa, Malaga, Marbella, Torrox - Cristaleria Aligator\",\"isPartOf\":{\"@id\":\"https:\/\/grupo-aligator.com\/de\/#website\"},\"datePublished\":\"2014-07-15T16:54:21+00:00\",\"dateModified\":\"2014-07-22T13:09:05+00:00\",\"description\":\"Vertikal-Jalousien Mijas, Tarifa, Malaga, Marbella, Torrox - Cristaleria Aligator Wintergarten und Terrassenverglasung auch in Sotogrande Costa del Sol\",\"breadcrumb\":{\"@id\":\"https:\/\/grupo-aligator.com\/de\/vertikal-jalousien\/#breadcrumb\"},\"inLanguage\":\"de\",\"potentialAction\":[{\"@type\":\"ReadAction\",\"target\":[\"https:\/\/grupo-aligator.com\/de\/vertikal-jalousien\/\"]}]},{\"@type\":\"BreadcrumbList\",\"@id\":\"https:\/\/grupo-aligator.com\/de\/vertikal-jalousien\/#breadcrumb\",\"itemListElement\":[{\"@type\":\"ListItem\",\"position\":1,\"name\":\"Home\",\"item\":\"https:\/\/grupo-aligator.com\/de\/\"},{\"@type\":\"ListItem\",\"position\":2,\"name\":\"Vertikal-Jalousien\"}]},{\"@type\":\"WebSite\",\"@id\":\"https:\/\/grupo-aligator.com\/de\/#website\",\"url\":\"https:\/\/grupo-aligator.com\/de\/\",\"name\":\"\",\"description\":\"\",\"publisher\":{\"@id\":\"https:\/\/grupo-aligator.com\/de\/#organization\"},\"potentialAction\":[{\"@type\":\"SearchAction\",\"target\":{\"@type\":\"EntryPoint\",\"urlTemplate\":\"https:\/\/grupo-aligator.com\/de\/?s={search_term_string}\"},\"query-input\":\"required name=search_term_string\"}],\"inLanguage\":\"de\"},{\"@type\":\"Organization\",\"@id\":\"https:\/\/grupo-aligator.com\/de\/#organization\",\"name\":\"Cristaleria Aligator S.L.\",\"url\":\"https:\/\/grupo-aligator.com\/de\/\",\"logo\":{\"@type\":\"ImageObject\",\"inLanguage\":\"de\",\"@id\":\"https:\/\/grupo-aligator.com\/de\/#\/schema\/logo\/image\/\",\"url\":\"http:\/\/grupo-aligator.com\/wp-content\/uploads\/2019\/11\/aligator-logo-de.png\",\"contentUrl\":\"http:\/\/grupo-aligator.com\/wp-content\/uploads\/2019\/11\/aligator-logo-de.png\",\"width\":150,\"height\":160,\"caption\":\"Cristaleria Aligator S.L.\"},\"image\":{\"@id\":\"https:\/\/grupo-aligator.com\/de\/#\/schema\/logo\/image\/\"}}]}<\/script>\n<!-- \/ Yoast SEO plugin. -->","yoast_head_json":{"title":"Vertikal-Jalousien Mijas, Tarifa, Malaga, Marbella, Torrox - Cristaleria Aligator","description":"Vertikal-Jalousien Mijas, Tarifa, Malaga, Marbella, Torrox - Cristaleria Aligator Wintergarten und Terrassenverglasung auch in Sotogrande Costa del Sol","robots":{"index":"index","follow":"follow","max-snippet":"max-snippet:-1","max-image-preview":"max-image-preview:large","max-video-preview":"max-video-preview:-1"},"canonical":"https:\/\/grupo-aligator.com\/de\/vertikal-jalousien\/","og_locale":"de_DE","og_type":"article","og_title":"Vertikal-Jalousien Mijas, Tarifa, Malaga, Marbella, Torrox - Cristaleria Aligator","og_description":"Vertikal-Jalousien Mijas, Tarifa, Malaga, Marbella, Torrox - Cristaleria Aligator Wintergarten und Terrassenverglasung auch in Sotogrande Costa del Sol","og_url":"https:\/\/grupo-aligator.com\/de\/vertikal-jalousien\/","article_modified_time":"2014-07-22T13:09:05+00:00","twitter_card":"summary_large_image","schema":{"@context":"https:\/\/schema.org","@graph":[{"@type":"WebPage","@id":"https:\/\/grupo-aligator.com\/de\/vertikal-jalousien\/","url":"https:\/\/grupo-aligator.com\/de\/vertikal-jalousien\/","name":"Vertikal-Jalousien Mijas, Tarifa, Malaga, Marbella, Torrox - Cristaleria Aligator","isPartOf":{"@id":"https:\/\/grupo-aligator.com\/de\/#website"},"datePublished":"2014-07-15T16:54:21+00:00","dateModified":"2014-07-22T13:09:05+00:00","description":"Vertikal-Jalousien Mijas, Tarifa, Malaga, Marbella, Torrox - Cristaleria Aligator Wintergarten und Terrassenverglasung auch in Sotogrande Costa del Sol","breadcrumb":{"@id":"https:\/\/grupo-aligator.com\/de\/vertikal-jalousien\/#breadcrumb"},"inLanguage":"de","potentialAction":[{"@type":"ReadAction","target":["https:\/\/grupo-aligator.com\/de\/vertikal-jalousien\/"]}]},{"@type":"BreadcrumbList","@id":"https:\/\/grupo-aligator.com\/de\/vertikal-jalousien\/#breadcrumb","itemListElement":[{"@type":"ListItem","position":1,"name":"Home","item":"https:\/\/grupo-aligator.com\/de\/"},{"@type":"ListItem","position":2,"name":"Vertikal-Jalousien"}]},{"@type":"WebSite","@id":"https:\/\/grupo-aligator.com\/de\/#website","url":"https:\/\/grupo-aligator.com\/de\/","name":"","description":"","publisher":{"@id":"https:\/\/grupo-aligator.com\/de\/#organization"},"potentialAction":[{"@type":"SearchAction","target":{"@type":"EntryPoint","urlTemplate":"https:\/\/grupo-aligator.com\/de\/?s={search_term_string}"},"query-input":"required name=search_term_string"}],"inLanguage":"de"},{"@type":"Organization","@id":"https:\/\/grupo-aligator.com\/de\/#organization","name":"Cristaleria Aligator S.L.","url":"https:\/\/grupo-aligator.com\/de\/","logo":{"@type":"ImageObject","inLanguage":"de","@id":"https:\/\/grupo-aligator.com\/de\/#\/schema\/logo\/image\/","url":"http:\/\/grupo-aligator.com\/wp-content\/uploads\/2019\/11\/aligator-logo-de.png","contentUrl":"http:\/\/grupo-aligator.com\/wp-content\/uploads\/2019\/11\/aligator-logo-de.png","width":150,"height":160,"caption":"Cristaleria Aligator S.L."},"image":{"@id":"https:\/\/grupo-aligator.com\/de\/#\/schema\/logo\/image\/"}}]}},"_links":{"self":[{"href":"https:\/\/grupo-aligator.com\/de\/wp-json\/wp\/v2\/pages\/2513"}],"collection":[{"href":"https:\/\/grupo-aligator.com\/de\/wp-json\/wp\/v2\/pages"}],"about":[{"href":"https:\/\/grupo-aligator.com\/de\/wp-json\/wp\/v2\/types\/page"}],"author":[{"embeddable":true,"href":"https:\/\/grupo-aligator.com\/de\/wp-json\/wp\/v2\/users\/1"}],"replies":[{"embeddable":true,"href":"https:\/\/grupo-aligator.com\/de\/wp-json\/wp\/v2\/comments?post=2513"}],"version-history":[{"count":6,"href":"https:\/\/grupo-aligator.com\/de\/wp-json\/wp\/v2\/pages\/2513\/revisions"}],"predecessor-version":[{"id":2939,"href":"https:\/\/grupo-aligator.com\/de\/wp-json\/wp\/v2\/pages\/2513\/revisions\/2939"}],"wp:attachment":[{"href":"https:\/\/grupo-aligator.com\/de\/wp-json\/wp\/v2\/media?parent=2513"}],"curies":[{"name":"wp","href":"https:\/\/api.w.org\/{rel}","templated":true}]}}

<div id="aligator-logo-de"></div>
<div class="toldos-top-logo"><img decoding="async" src="/wp-content/uploads/2013/09/warema-logo.png" /></div>
<div id="toldos-aligator-description">
<p>WAREMA Vertikal-Jalousien sind der elegante Sonnenschutz für Wohnräume mit weiten Flächen. Ob als Sonnenschutz am Fenster, im Wintergarten oder als Raumteiler &#8211; ihr ungewöhnliches Design schafft in jedem Raum eine angenehm wohnliche und stilvolle Atmosphäre.</p>
</div>
<div id="toldos-menu-content">
<div id="toldos-menu-line-1">
<div class="toldos-menu"><a href="http://grupo-aligator.com/de/standardanlagen/" id="toldos-kassetten-markisen-menu-item-1">Standardanlagen</a></div>
<div class="toldos-menu"><a href="http://grupo-aligator.com/de/horizontal-gebogen/" id="toldos-kassetten-markisen-menu-item-2">Horizontal Gebogen</a></div>
</div>
<div id="toldos-menu-line-2">
<div class="toldos-menu"><a href="http://grupo-aligator.com/de/vertikal-gebogen/" id="toldos-kassetten-markisen-menu-item-3">Vertikal Gebogen</a></div>
<div class="toldos-menu"><a href="http://grupo-aligator.com/de/slope-anlage/" id="toldos-kassetten-markisen-menu-item-4">Slope-Anlage</a></div>
</div>
</div>
<div class="toldos-menu-images">
<p><img decoding="async" id="toldos-kassetten-markisen-menu-item-1-img" src="/wp-content/uploads/2014/07/innenliegende-beschattung-vertikal-jalousien-cat.jpg" /></p>
<p><img decoding="async" id="toldos-kassetten-markisen-menu-item-2-img" src="/wp-content/uploads/2014/07/vertikal-jalousien-horizontal-gebogen.jpg" /></p>
<p><img decoding="async" id="toldos-kassetten-markisen-menu-item-3-img" src="/wp-content/uploads/2014/07/vertikal-jalousien-vertikal-gebogen.jpg" /></p>
<p><img decoding="async" id="toldos-kassetten-markisen-menu-item-4-img" src="/wp-content/uploads/2014/07/vertikal-jalousien-slope-anlage.jpg" /></p>
<p><img decoding="async" id="toldos-kassetten-markisen-menu-item-5-img" src="#" /></p>
<p><img decoding="async" id="toldos-kassetten-markisen-menu-item-6-img" src="#" /></p>
</div>
<p><script type="text/javascript">
$(function() {
    $('#toldos-kassetten-markisen-menu-item-1').hover(function() { 
        $('#toldos-kassetten-markisen-menu-item-1-img').show(); 
    }, function() { 
        $('#toldos-kassetten-markisen-menu-item-1-img').hide(); 
    });
    $('#toldos-kassetten-markisen-menu-item-2').hover(function() { 
        $('#toldos-kassetten-markisen-menu-item-2-img').show(); 
    }, function() { 
        $('#toldos-kassetten-markisen-menu-item-2-img').hide(); 
    });
    $('#toldos-kassetten-markisen-menu-item-3').hover(function() { 
        $('#toldos-kassetten-markisen-menu-item-3-img').show(); 
    }, function() { 
        $('#toldos-kassetten-markisen-menu-item-3-img').hide(); 
    });
    $('#toldos-kassetten-markisen-menu-item-4').hover(function() { 
        $('#toldos-kassetten-markisen-menu-item-4-img').show(); 
    }, function() { 
        $('#toldos-kassetten-markisen-menu-item-4-img').hide(); 
    });
    $('#toldos-kassetten-markisen-menu-item-5').hover(function() { 
        $('#toldos-kassetten-markisen-menu-item-5-img').show(); 
    }, function() { 
        $('#toldos-kassetten-markisen-menu-item-5-img').hide(); 
    });
    $('#toldos-kassetten-markisen-menu-item-6').hover(function() { 
        $('#toldos-kassetten-markisen-menu-item-6-img').show(); 
    }, function() { 
        $('#toldos-kassetten-markisen-menu-item-6-img').hide(); 
    });
});
</script></p>

<p>WAREMA Vertikal-Jalousien sind der elegante Sonnenschutz für Wohnräume mit weiten Flächen. Ob als Sonnenschutz am Fenster, im Wintergarten oder als Raumteiler &#8211; ihr ungewöhnliches Design schafft in jedem Raum eine angenehm wohnliche und stilvolle Atmosphäre. Standardanlagen Horizontal Gebogen Vertikal Gebogen Slope-Anlage</p>
