{"id":2216,"date":"2014-07-15T15:12:24","date_gmt":"2014-07-15T15:12:24","guid":{"rendered":"http:\/\/aligator.cristaleria-aligator.com\/?page_id=2216"},"modified":"2015-09-11T11:37:30","modified_gmt":"2015-09-11T11:37:30","slug":"aufsetz-rollladen-re-ro","status":"publish","type":"page","link":"https:\/\/grupo-aligator.com\/de\/aufsetz-rollladen-re-ro\/","title":{"rendered":"Aufsetz-Rollladen RE-RO"},"content":{"rendered":"<div id=\"aligator-logo-de\"><\/div>\n<div class=\"toldos-top-logo\"><img decoding=\"async\" src=\"\/wp-content\/uploads\/2013\/09\/warema-logo.png\" \/><\/div>\n<div id=\"toldos-aligator-description\">\n<p>Der WAREMA Renovierungs-Rollladen RE-RO ist eine energetisch sinnvolle L\u00f6sung f\u00fcr die Weiternutzung bestehender Sturzk\u00e4sten.<br \/>\nDer RE-RO wird vorab auf das neue Fenster montiert. So k\u00f6nnen beide Bauteile in einem Arbeitsgang eingebaut werden.<br \/>\nFassade und Innenputz werden beim Austausch weitestgehend verschont.<br \/>\nSo werden die Anforderungen der EnEV 2009 erf\u00fcllt.<br \/>\nDer RE-RO ist in 2 Kastengr\u00f6\u00dfen lieferbar.<\/p>\n<\/div>\n<div class=\"toldos-gallery\"><div class=\"DOPThumbnailGalleryContainer\" id=\"DOPThumbnailGallery65\">\n                                 <a href=\"https:\/\/grupo-aligator.com\/wp-content\/plugins\/_doptg\/frontend-ajax.php\" class=\"Settings\"><\/a>\n                                 <ul class=\"Content\" style=\"display:none;\"><li>\n                                                    <img class=\"Image\" src=\"https:\/\/grupo-aligator.com\/wp-content\/plugins\/_doptg\/uploads\/XNqWxP8pYC2SDOehBtcntTeAawOPnb7nXat4O9pGZqN2ytzDjLrd4nMthaLnXtKCz.jpg\" alt=\"\" title=\"\" \/>\n                                                    <img class=\"Thumb\" src=\"https:\/\/grupo-aligator.com\/wp-content\/plugins\/_doptg\/uploads\/thumbs\/XNqWxP8pYC2SDOehBtcntTeAawOPnb7nXat4O9pGZqN2ytzDjLrd4nMthaLnXtKCz.jpg\" alt=\"\" title=\"\" \/>\n                                                    <span class=\"CaptionTitle\"><\/span>\n                                                    <span class=\"CaptionText\"><\/span>\n                                                    <span class=\"Media\"><\/span>\n                                                    <span class=\"LightboxMedia\"><\/span>\n                                                 <\/li><li>\n                                                    <img class=\"Image\" src=\"https:\/\/grupo-aligator.com\/wp-content\/plugins\/_doptg\/uploads\/kn61t1999DBgPY8DF49Gt8ptdhL5DQNr6cCyn5QcPnj26G8LGMCyHSdxhwrbQYEhn.jpg\" alt=\"\" title=\"\" \/>\n                                                    <img class=\"Thumb\" src=\"https:\/\/grupo-aligator.com\/wp-content\/plugins\/_doptg\/uploads\/thumbs\/kn61t1999DBgPY8DF49Gt8ptdhL5DQNr6cCyn5QcPnj26G8LGMCyHSdxhwrbQYEhn.jpg\" alt=\"\" title=\"\" \/>\n                                                    <span class=\"CaptionTitle\"><\/span>\n                                                    <span class=\"CaptionText\"><\/span>\n                                                    <span class=\"Media\"><\/span>\n                                                    <span class=\"LightboxMedia\"><\/span>\n                                                 <\/li><li>\n                                                    <img class=\"Image\" src=\"https:\/\/grupo-aligator.com\/wp-content\/plugins\/_doptg\/uploads\/xtkbFhqrGD7FAmZtPGEaLex8G8pFXA7zmqmB7bTz777EMLFhfTaFHxOESW9sMa9kt.jpg\" alt=\"\" title=\"\" \/>\n                                                    <img class=\"Thumb\" src=\"https:\/\/grupo-aligator.com\/wp-content\/plugins\/_doptg\/uploads\/thumbs\/xtkbFhqrGD7FAmZtPGEaLex8G8pFXA7zmqmB7bTz777EMLFhfTaFHxOESW9sMa9kt.jpg\" alt=\"\" title=\"\" \/>\n                                                    <span class=\"CaptionTitle\"><\/span>\n                                                    <span class=\"CaptionText\"><\/span>\n                                                    <span class=\"Media\"><\/span>\n                                                    <span class=\"LightboxMedia\"><\/span>\n                                                 <\/li><li>\n                                                    <img class=\"Image\" src=\"https:\/\/grupo-aligator.com\/wp-content\/plugins\/_doptg\/uploads\/WjLXbN8MbHZaFabL9CFxBSOgt4H16WcTaYhwdYAdRZh9anf87TnyQk6rC2TLQyCY5.jpg\" alt=\"\" title=\"\" \/>\n                                                    <img class=\"Thumb\" src=\"https:\/\/grupo-aligator.com\/wp-content\/plugins\/_doptg\/uploads\/thumbs\/WjLXbN8MbHZaFabL9CFxBSOgt4H16WcTaYhwdYAdRZh9anf87TnyQk6rC2TLQyCY5.jpg\" alt=\"\" title=\"\" \/>\n                                                    <span class=\"CaptionTitle\"><\/span>\n                                                    <span class=\"CaptionText\"><\/span>\n                                                    <span class=\"Media\"><\/span>\n                                                    <span class=\"LightboxMedia\"><\/span>\n                                                 <\/li><\/ul>\n                             <\/div>\n                             <script type=\"text\/JavaScript\">\n                                 jQuery(document).ready(function(){\n                                     jQuery('#DOPThumbnailGallery65').DOPThumbnailGallery();\n                                 });\n                             <\/script><\/div>\n","protected":false},"excerpt":{"rendered":"<p>Der WAREMA Renovierungs-Rollladen RE-RO ist eine energetisch sinnvolle L\u00f6sung f\u00fcr die Weiternutzung bestehender Sturzk\u00e4sten. Der RE-RO wird vorab auf das neue Fenster montiert. So k\u00f6nnen beide Bauteile in einem Arbeitsgang eingebaut werden. Fassade und Innenputz werden beim Austausch weitestgehend verschont. So werden die Anforderungen der EnEV 2009 erf\u00fcllt. Der RE-RO ist in 2 Kastengr\u00f6\u00dfen lieferbar.<\/p>\n","protected":false},"author":1,"featured_media":0,"parent":0,"menu_order":0,"comment_status":"open","ping_status":"open","template":"content-page.php","meta":[],"yoast_head":"<!-- This site is optimized with the Yoast SEO plugin v19.11 - https:\/\/yoast.com\/wordpress\/plugins\/seo\/ -->\n<title>Aufsetz-Rollladen RE-RO Mijas, Tarifa, Malaga, Marbella, Torrox - Cristaleria Aligator<\/title>\n<meta name=\"description\" content=\"Aufsetz-Rollladen RE-RO Mijas, Tarifa, Malaga, Marbella, Torrox - Cristaleria Aligator Wintergarten und Terrassenverglasung auch in Sotogrande Costa del Sol\" \/>\n<meta name=\"robots\" content=\"index, follow, max-snippet:-1, max-image-preview:large, max-video-preview:-1\" \/>\n<link rel=\"canonical\" href=\"https:\/\/grupo-aligator.com\/de\/aufsetz-rollladen-re-ro\/\" \/>\n<meta property=\"og:locale\" content=\"de_DE\" \/>\n<meta property=\"og:type\" content=\"article\" \/>\n<meta property=\"og:title\" content=\"Aufsetz-Rollladen RE-RO Mijas, Tarifa, Malaga, Marbella, Torrox - Cristaleria Aligator\" \/>\n<meta property=\"og:description\" content=\"Aufsetz-Rollladen RE-RO Mijas, Tarifa, Malaga, Marbella, Torrox - Cristaleria Aligator Wintergarten und Terrassenverglasung auch in Sotogrande Costa del Sol\" \/>\n<meta property=\"og:url\" content=\"https:\/\/grupo-aligator.com\/de\/aufsetz-rollladen-re-ro\/\" \/>\n<meta property=\"article:modified_time\" content=\"2015-09-11T11:37:30+00:00\" \/>\n<meta name=\"twitter:card\" content=\"summary_large_image\" \/>\n<script type=\"application\/ld+json\" class=\"yoast-schema-graph\">{\"@context\":\"https:\/\/schema.org\",\"@graph\":[{\"@type\":\"WebPage\",\"@id\":\"https:\/\/grupo-aligator.com\/de\/aufsetz-rollladen-re-ro\/\",\"url\":\"https:\/\/grupo-aligator.com\/de\/aufsetz-rollladen-re-ro\/\",\"name\":\"Aufsetz-Rollladen RE-RO Mijas, Tarifa, Malaga, Marbella, Torrox - Cristaleria Aligator\",\"isPartOf\":{\"@id\":\"https:\/\/grupo-aligator.com\/de\/#website\"},\"datePublished\":\"2014-07-15T15:12:24+00:00\",\"dateModified\":\"2015-09-11T11:37:30+00:00\",\"description\":\"Aufsetz-Rollladen RE-RO Mijas, Tarifa, Malaga, Marbella, Torrox - Cristaleria Aligator Wintergarten und Terrassenverglasung auch in Sotogrande Costa del Sol\",\"breadcrumb\":{\"@id\":\"https:\/\/grupo-aligator.com\/de\/aufsetz-rollladen-re-ro\/#breadcrumb\"},\"inLanguage\":\"de\",\"potentialAction\":[{\"@type\":\"ReadAction\",\"target\":[\"https:\/\/grupo-aligator.com\/de\/aufsetz-rollladen-re-ro\/\"]}]},{\"@type\":\"BreadcrumbList\",\"@id\":\"https:\/\/grupo-aligator.com\/de\/aufsetz-rollladen-re-ro\/#breadcrumb\",\"itemListElement\":[{\"@type\":\"ListItem\",\"position\":1,\"name\":\"Home\",\"item\":\"https:\/\/grupo-aligator.com\/de\/\"},{\"@type\":\"ListItem\",\"position\":2,\"name\":\"Aufsetz-Rollladen RE-RO\"}]},{\"@type\":\"WebSite\",\"@id\":\"https:\/\/grupo-aligator.com\/de\/#website\",\"url\":\"https:\/\/grupo-aligator.com\/de\/\",\"name\":\"\",\"description\":\"\",\"publisher\":{\"@id\":\"https:\/\/grupo-aligator.com\/de\/#organization\"},\"potentialAction\":[{\"@type\":\"SearchAction\",\"target\":{\"@type\":\"EntryPoint\",\"urlTemplate\":\"https:\/\/grupo-aligator.com\/de\/?s={search_term_string}\"},\"query-input\":\"required name=search_term_string\"}],\"inLanguage\":\"de\"},{\"@type\":\"Organization\",\"@id\":\"https:\/\/grupo-aligator.com\/de\/#organization\",\"name\":\"Cristaleria Aligator S.L.\",\"url\":\"https:\/\/grupo-aligator.com\/de\/\",\"logo\":{\"@type\":\"ImageObject\",\"inLanguage\":\"de\",\"@id\":\"https:\/\/grupo-aligator.com\/de\/#\/schema\/logo\/image\/\",\"url\":\"http:\/\/grupo-aligator.com\/wp-content\/uploads\/2019\/11\/aligator-logo-de.png\",\"contentUrl\":\"http:\/\/grupo-aligator.com\/wp-content\/uploads\/2019\/11\/aligator-logo-de.png\",\"width\":150,\"height\":160,\"caption\":\"Cristaleria Aligator S.L.\"},\"image\":{\"@id\":\"https:\/\/grupo-aligator.com\/de\/#\/schema\/logo\/image\/\"}}]}<\/script>\n<!-- \/ Yoast SEO plugin. -->","yoast_head_json":{"title":"Aufsetz-Rollladen RE-RO Mijas, Tarifa, Malaga, Marbella, Torrox - Cristaleria Aligator","description":"Aufsetz-Rollladen RE-RO Mijas, Tarifa, Malaga, Marbella, Torrox - Cristaleria Aligator Wintergarten und Terrassenverglasung auch in Sotogrande Costa del Sol","robots":{"index":"index","follow":"follow","max-snippet":"max-snippet:-1","max-image-preview":"max-image-preview:large","max-video-preview":"max-video-preview:-1"},"canonical":"https:\/\/grupo-aligator.com\/de\/aufsetz-rollladen-re-ro\/","og_locale":"de_DE","og_type":"article","og_title":"Aufsetz-Rollladen RE-RO Mijas, Tarifa, Malaga, Marbella, Torrox - Cristaleria Aligator","og_description":"Aufsetz-Rollladen RE-RO Mijas, Tarifa, Malaga, Marbella, Torrox - Cristaleria Aligator Wintergarten und Terrassenverglasung auch in Sotogrande Costa del Sol","og_url":"https:\/\/grupo-aligator.com\/de\/aufsetz-rollladen-re-ro\/","article_modified_time":"2015-09-11T11:37:30+00:00","twitter_card":"summary_large_image","schema":{"@context":"https:\/\/schema.org","@graph":[{"@type":"WebPage","@id":"https:\/\/grupo-aligator.com\/de\/aufsetz-rollladen-re-ro\/","url":"https:\/\/grupo-aligator.com\/de\/aufsetz-rollladen-re-ro\/","name":"Aufsetz-Rollladen RE-RO Mijas, Tarifa, Malaga, Marbella, Torrox - Cristaleria Aligator","isPartOf":{"@id":"https:\/\/grupo-aligator.com\/de\/#website"},"datePublished":"2014-07-15T15:12:24+00:00","dateModified":"2015-09-11T11:37:30+00:00","description":"Aufsetz-Rollladen RE-RO Mijas, Tarifa, Malaga, Marbella, Torrox - Cristaleria Aligator Wintergarten und Terrassenverglasung auch in Sotogrande Costa del Sol","breadcrumb":{"@id":"https:\/\/grupo-aligator.com\/de\/aufsetz-rollladen-re-ro\/#breadcrumb"},"inLanguage":"de","potentialAction":[{"@type":"ReadAction","target":["https:\/\/grupo-aligator.com\/de\/aufsetz-rollladen-re-ro\/"]}]},{"@type":"BreadcrumbList","@id":"https:\/\/grupo-aligator.com\/de\/aufsetz-rollladen-re-ro\/#breadcrumb","itemListElement":[{"@type":"ListItem","position":1,"name":"Home","item":"https:\/\/grupo-aligator.com\/de\/"},{"@type":"ListItem","position":2,"name":"Aufsetz-Rollladen RE-RO"}]},{"@type":"WebSite","@id":"https:\/\/grupo-aligator.com\/de\/#website","url":"https:\/\/grupo-aligator.com\/de\/","name":"","description":"","publisher":{"@id":"https:\/\/grupo-aligator.com\/de\/#organization"},"potentialAction":[{"@type":"SearchAction","target":{"@type":"EntryPoint","urlTemplate":"https:\/\/grupo-aligator.com\/de\/?s={search_term_string}"},"query-input":"required name=search_term_string"}],"inLanguage":"de"},{"@type":"Organization","@id":"https:\/\/grupo-aligator.com\/de\/#organization","name":"Cristaleria Aligator S.L.","url":"https:\/\/grupo-aligator.com\/de\/","logo":{"@type":"ImageObject","inLanguage":"de","@id":"https:\/\/grupo-aligator.com\/de\/#\/schema\/logo\/image\/","url":"http:\/\/grupo-aligator.com\/wp-content\/uploads\/2019\/11\/aligator-logo-de.png","contentUrl":"http:\/\/grupo-aligator.com\/wp-content\/uploads\/2019\/11\/aligator-logo-de.png","width":150,"height":160,"caption":"Cristaleria Aligator S.L."},"image":{"@id":"https:\/\/grupo-aligator.com\/de\/#\/schema\/logo\/image\/"}}]}},"_links":{"self":[{"href":"https:\/\/grupo-aligator.com\/de\/wp-json\/wp\/v2\/pages\/2216"}],"collection":[{"href":"https:\/\/grupo-aligator.com\/de\/wp-json\/wp\/v2\/pages"}],"about":[{"href":"https:\/\/grupo-aligator.com\/de\/wp-json\/wp\/v2\/types\/page"}],"author":[{"embeddable":true,"href":"https:\/\/grupo-aligator.com\/de\/wp-json\/wp\/v2\/users\/1"}],"replies":[{"embeddable":true,"href":"https:\/\/grupo-aligator.com\/de\/wp-json\/wp\/v2\/comments?post=2216"}],"version-history":[{"count":2,"href":"https:\/\/grupo-aligator.com\/de\/wp-json\/wp\/v2\/pages\/2216\/revisions"}],"predecessor-version":[{"id":4770,"href":"https:\/\/grupo-aligator.com\/de\/wp-json\/wp\/v2\/pages\/2216\/revisions\/4770"}],"wp:attachment":[{"href":"https:\/\/grupo-aligator.com\/de\/wp-json\/wp\/v2\/media?parent=2216"}],"curies":[{"name":"wp","href":"https:\/\/api.w.org\/{rel}","templated":true}]}}

<div id="aligator-logo-de"></div>
<div class="toldos-top-logo"><img decoding="async" src="/wp-content/uploads/2013/09/warema-logo.png" /></div>
<div id="toldos-aligator-description">
<p>Der WAREMA Renovierungs-Rollladen RE-RO ist eine energetisch sinnvolle Lösung für die Weiternutzung bestehender Sturzkästen.<br />
Der RE-RO wird vorab auf das neue Fenster montiert. So können beide Bauteile in einem Arbeitsgang eingebaut werden.<br />
Fassade und Innenputz werden beim Austausch weitestgehend verschont.<br />
So werden die Anforderungen der EnEV 2009 erfüllt.<br />
Der RE-RO ist in 2 Kastengrößen lieferbar.</p>
</div>
<div class="toldos-gallery"><div class="DOPThumbnailGalleryContainer" id="DOPThumbnailGallery65">
                                 <a href="https://grupo-aligator.com/wp-content/plugins/_doptg/frontend-ajax.php" class="Settings"></a>
                                 <ul class="Content" style="display:none;"><li>
                                                    <img class="Image" src="https://grupo-aligator.com/wp-content/plugins/_doptg/uploads/XNqWxP8pYC2SDOehBtcntTeAawOPnb7nXat4O9pGZqN2ytzDjLrd4nMthaLnXtKCz.jpg" alt="" title="" />
                                                    <img class="Thumb" src="https://grupo-aligator.com/wp-content/plugins/_doptg/uploads/thumbs/XNqWxP8pYC2SDOehBtcntTeAawOPnb7nXat4O9pGZqN2ytzDjLrd4nMthaLnXtKCz.jpg" alt="" title="" />
                                                    <span class="CaptionTitle"></span>
                                                    <span class="CaptionText"></span>
                                                    <span class="Media"></span>
                                                    <span class="LightboxMedia"></span>
                                                 </li><li>
                                                    <img class="Image" src="https://grupo-aligator.com/wp-content/plugins/_doptg/uploads/kn61t1999DBgPY8DF49Gt8ptdhL5DQNr6cCyn5QcPnj26G8LGMCyHSdxhwrbQYEhn.jpg" alt="" title="" />
                                                    <img class="Thumb" src="https://grupo-aligator.com/wp-content/plugins/_doptg/uploads/thumbs/kn61t1999DBgPY8DF49Gt8ptdhL5DQNr6cCyn5QcPnj26G8LGMCyHSdxhwrbQYEhn.jpg" alt="" title="" />
                                                    <span class="CaptionTitle"></span>
                                                    <span class="CaptionText"></span>
                                                    <span class="Media"></span>
                                                    <span class="LightboxMedia"></span>
                                                 </li><li>
                                                    <img class="Image" src="https://grupo-aligator.com/wp-content/plugins/_doptg/uploads/xtkbFhqrGD7FAmZtPGEaLex8G8pFXA7zmqmB7bTz777EMLFhfTaFHxOESW9sMa9kt.jpg" alt="" title="" />
                                                    <img class="Thumb" src="https://grupo-aligator.com/wp-content/plugins/_doptg/uploads/thumbs/xtkbFhqrGD7FAmZtPGEaLex8G8pFXA7zmqmB7bTz777EMLFhfTaFHxOESW9sMa9kt.jpg" alt="" title="" />
                                                    <span class="CaptionTitle"></span>
                                                    <span class="CaptionText"></span>
                                                    <span class="Media"></span>
                                                    <span class="LightboxMedia"></span>
                                                 </li><li>
                                                    <img class="Image" src="https://grupo-aligator.com/wp-content/plugins/_doptg/uploads/WjLXbN8MbHZaFabL9CFxBSOgt4H16WcTaYhwdYAdRZh9anf87TnyQk6rC2TLQyCY5.jpg" alt="" title="" />
                                                    <img class="Thumb" src="https://grupo-aligator.com/wp-content/plugins/_doptg/uploads/thumbs/WjLXbN8MbHZaFabL9CFxBSOgt4H16WcTaYhwdYAdRZh9anf87TnyQk6rC2TLQyCY5.jpg" alt="" title="" />
                                                    <span class="CaptionTitle"></span>
                                                    <span class="CaptionText"></span>
                                                    <span class="Media"></span>
                                                    <span class="LightboxMedia"></span>
                                                 </li></ul>
                             </div>
                             <script type="text/JavaScript">
                                 jQuery(document).ready(function(){
                                     jQuery('#DOPThumbnailGallery65').DOPThumbnailGallery();
                                 });
                             </script></div>

<p>Der WAREMA Renovierungs-Rollladen RE-RO ist eine energetisch sinnvolle Lösung für die Weiternutzung bestehender Sturzkästen. Der RE-RO wird vorab auf das neue Fenster montiert. So können beide Bauteile in einem Arbeitsgang eingebaut werden. Fassade und Innenputz werden beim Austausch weitestgehend verschont. So werden die Anforderungen der EnEV 2009 erfüllt. Der RE-RO ist in 2 Kastengrößen lieferbar.</p>
