{"id":133,"date":"2013-09-09T14:48:39","date_gmt":"2013-09-09T14:48:39","guid":{"rendered":"http:\/\/aligator.cristaleria-aligator.com\/?page_id=133"},"modified":"2017-04-22T16:58:38","modified_gmt":"2017-04-22T14:58:38","slug":"gelenkarm-markisen","status":"publish","type":"page","link":"https:\/\/grupo-aligator.com\/de\/gelenkarm-markisen\/","title":{"rendered":"Gelenkarm-Markisen"},"content":{"rendered":"<div id=\"aligator-logo-de\"><\/div>\n<div id=\"toldos-aligator-description\">\n<p>Eine Gelenkarmmarkise wird sehr h\u00e4ufig f\u00fcr Wintergarten- oder Terrassenbeschattung eingesetzt.<\/p>\n<p>Wir bieten Ihnen die M\u00f6glichkeit, Ihre eigene Markise selbst von der Gr\u00f6\u00dfe bis zum individuellen Dessin zu konfigurieren. Wir passen mit Ihnen die Markise an Ihre Bed\u00fcrfnisse an und w\u00e4hlen Sie dazu auch das passende Zubeh\u00f6r.<\/p>\n<p>&nbsp;<\/p>\n<\/div>\n<div id=\"toldos-columns\">\n<div class=\"toldos-column\">\n<div class=\"toldos-column-logo\"><a href=\"http:\/\/grupo-aligator.com\/de\/gelenkarm-markisen-llaza\/\"><img decoding=\"async\" src=\"\/wp-content\/uploads\/2013\/09\/llaza-logo.png\" alt=\"\" \/><\/a><\/div>\n<div class=\"toldos-column-logo-text\"><\/div>\n<div class=\"toldos-column-logo-text\"><\/div>\n<div class=\"toldos-column-image\"><a href=\"http:\/\/grupo-aligator.com\/de\/gelenkarm-markisen-llaza\/\"><img decoding=\"async\" src=\"\/wp-content\/uploads\/2013\/09\/gelenkarm-markisen-llaza.png\" alt=\"\" \/><\/a><br \/>\n<img decoding=\"async\" class=\"toldos-column-image-watermark\" src=\"\/wp-content\/uploads\/2014\/09\/made-in-spain-watermark.png\" alt=\"\" \/><\/div>\n<\/div>\n<div class=\"toldos-column\">\n<div class=\"toldos-column-logo\"><a href=\"http:\/\/grupo-aligator.com\/de\/gelenkarm-markisen-warema\/\"><img decoding=\"async\" src=\"\/wp-content\/uploads\/2013\/09\/warema-logo.png\" alt=\"\" \/><\/a><\/div>\n<div class=\"toldos-column-logo-text\"><\/div>\n<div class=\"toldos-column-logo-text\"><\/div>\n<div class=\"toldos-column-image\"><a href=\"http:\/\/grupo-aligator.com\/de\/gelenkarm-markisen-warema\/\"><img decoding=\"async\" src=\"\/wp-content\/uploads\/2013\/09\/gelenkarm-markisen-warema.png\" alt=\"\" \/><\/a><br \/>\n<img decoding=\"async\" class=\"toldos-column-image-watermark\" src=\"\/wp-content\/uploads\/2013\/09\/toldos-column-image-watermark.png\" alt=\"\" \/><\/div>\n<\/div>\n<\/div>\n","protected":false},"excerpt":{"rendered":"<p>Eine Gelenkarmmarkise wird sehr h\u00e4ufig f\u00fcr Wintergarten- oder Terrassenbeschattung eingesetzt. Wir bieten Ihnen die M\u00f6glichkeit, Ihre eigene Markise selbst von der Gr\u00f6\u00dfe bis zum individuellen Dessin zu konfigurieren. Wir passen mit Ihnen die Markise an Ihre Bed\u00fcrfnisse an und w\u00e4hlen Sie dazu auch das passende Zubeh\u00f6r. &nbsp;<\/p>\n","protected":false},"author":1,"featured_media":0,"parent":0,"menu_order":0,"comment_status":"closed","ping_status":"closed","template":"content-page.php","meta":[],"yoast_head":"<!-- This site is optimized with the Yoast SEO plugin v19.11 - https:\/\/yoast.com\/wordpress\/plugins\/seo\/ -->\n<title>Gelenkarm-Markisen Mijas, Tarifa, Malaga, Marbella, Torrox - Cristaleria Aligator<\/title>\n<meta name=\"description\" content=\"Gelenkarm-Markisen Mijas, Tarifa, Malaga, Marbella, Torrox - Cristaleria Aligator Wintergarten und Terrassenverglasung auch in Sotogrande Costa del Sol\" \/>\n<meta name=\"robots\" content=\"index, follow, max-snippet:-1, max-image-preview:large, max-video-preview:-1\" \/>\n<link rel=\"canonical\" href=\"https:\/\/grupo-aligator.com\/de\/gelenkarm-markisen\/\" \/>\n<meta property=\"og:locale\" content=\"de_DE\" \/>\n<meta property=\"og:type\" content=\"article\" \/>\n<meta property=\"og:title\" content=\"Gelenkarm-Markisen Mijas, Tarifa, Malaga, Marbella, Torrox - Cristaleria Aligator\" \/>\n<meta property=\"og:description\" content=\"Gelenkarm-Markisen Mijas, Tarifa, Malaga, Marbella, Torrox - Cristaleria Aligator Wintergarten und Terrassenverglasung auch in Sotogrande Costa del Sol\" \/>\n<meta property=\"og:url\" content=\"https:\/\/grupo-aligator.com\/de\/gelenkarm-markisen\/\" \/>\n<meta property=\"article:modified_time\" content=\"2017-04-22T14:58:38+00:00\" \/>\n<meta name=\"twitter:card\" content=\"summary_large_image\" \/>\n<script type=\"application\/ld+json\" class=\"yoast-schema-graph\">{\"@context\":\"https:\/\/schema.org\",\"@graph\":[{\"@type\":\"WebPage\",\"@id\":\"https:\/\/grupo-aligator.com\/de\/gelenkarm-markisen\/\",\"url\":\"https:\/\/grupo-aligator.com\/de\/gelenkarm-markisen\/\",\"name\":\"Gelenkarm-Markisen Mijas, Tarifa, Malaga, Marbella, Torrox - Cristaleria Aligator\",\"isPartOf\":{\"@id\":\"https:\/\/grupo-aligator.com\/de\/#website\"},\"datePublished\":\"2013-09-09T14:48:39+00:00\",\"dateModified\":\"2017-04-22T14:58:38+00:00\",\"description\":\"Gelenkarm-Markisen Mijas, Tarifa, Malaga, Marbella, Torrox - Cristaleria Aligator Wintergarten und Terrassenverglasung auch in Sotogrande Costa del Sol\",\"breadcrumb\":{\"@id\":\"https:\/\/grupo-aligator.com\/de\/gelenkarm-markisen\/#breadcrumb\"},\"inLanguage\":\"de\",\"potentialAction\":[{\"@type\":\"ReadAction\",\"target\":[\"https:\/\/grupo-aligator.com\/de\/gelenkarm-markisen\/\"]}]},{\"@type\":\"BreadcrumbList\",\"@id\":\"https:\/\/grupo-aligator.com\/de\/gelenkarm-markisen\/#breadcrumb\",\"itemListElement\":[{\"@type\":\"ListItem\",\"position\":1,\"name\":\"Home\",\"item\":\"https:\/\/grupo-aligator.com\/de\/\"},{\"@type\":\"ListItem\",\"position\":2,\"name\":\"Gelenkarm-Markisen\"}]},{\"@type\":\"WebSite\",\"@id\":\"https:\/\/grupo-aligator.com\/de\/#website\",\"url\":\"https:\/\/grupo-aligator.com\/de\/\",\"name\":\"\",\"description\":\"\",\"publisher\":{\"@id\":\"https:\/\/grupo-aligator.com\/de\/#organization\"},\"potentialAction\":[{\"@type\":\"SearchAction\",\"target\":{\"@type\":\"EntryPoint\",\"urlTemplate\":\"https:\/\/grupo-aligator.com\/de\/?s={search_term_string}\"},\"query-input\":\"required name=search_term_string\"}],\"inLanguage\":\"de\"},{\"@type\":\"Organization\",\"@id\":\"https:\/\/grupo-aligator.com\/de\/#organization\",\"name\":\"Cristaleria Aligator S.L.\",\"url\":\"https:\/\/grupo-aligator.com\/de\/\",\"logo\":{\"@type\":\"ImageObject\",\"inLanguage\":\"de\",\"@id\":\"https:\/\/grupo-aligator.com\/de\/#\/schema\/logo\/image\/\",\"url\":\"http:\/\/grupo-aligator.com\/wp-content\/uploads\/2019\/11\/aligator-logo-de.png\",\"contentUrl\":\"http:\/\/grupo-aligator.com\/wp-content\/uploads\/2019\/11\/aligator-logo-de.png\",\"width\":150,\"height\":160,\"caption\":\"Cristaleria Aligator S.L.\"},\"image\":{\"@id\":\"https:\/\/grupo-aligator.com\/de\/#\/schema\/logo\/image\/\"}}]}<\/script>\n<!-- \/ Yoast SEO plugin. -->","yoast_head_json":{"title":"Gelenkarm-Markisen Mijas, Tarifa, Malaga, Marbella, Torrox - Cristaleria Aligator","description":"Gelenkarm-Markisen Mijas, Tarifa, Malaga, Marbella, Torrox - Cristaleria Aligator Wintergarten und Terrassenverglasung auch in Sotogrande Costa del Sol","robots":{"index":"index","follow":"follow","max-snippet":"max-snippet:-1","max-image-preview":"max-image-preview:large","max-video-preview":"max-video-preview:-1"},"canonical":"https:\/\/grupo-aligator.com\/de\/gelenkarm-markisen\/","og_locale":"de_DE","og_type":"article","og_title":"Gelenkarm-Markisen Mijas, Tarifa, Malaga, Marbella, Torrox - Cristaleria Aligator","og_description":"Gelenkarm-Markisen Mijas, Tarifa, Malaga, Marbella, Torrox - Cristaleria Aligator Wintergarten und Terrassenverglasung auch in Sotogrande Costa del Sol","og_url":"https:\/\/grupo-aligator.com\/de\/gelenkarm-markisen\/","article_modified_time":"2017-04-22T14:58:38+00:00","twitter_card":"summary_large_image","schema":{"@context":"https:\/\/schema.org","@graph":[{"@type":"WebPage","@id":"https:\/\/grupo-aligator.com\/de\/gelenkarm-markisen\/","url":"https:\/\/grupo-aligator.com\/de\/gelenkarm-markisen\/","name":"Gelenkarm-Markisen Mijas, Tarifa, Malaga, Marbella, Torrox - Cristaleria Aligator","isPartOf":{"@id":"https:\/\/grupo-aligator.com\/de\/#website"},"datePublished":"2013-09-09T14:48:39+00:00","dateModified":"2017-04-22T14:58:38+00:00","description":"Gelenkarm-Markisen Mijas, Tarifa, Malaga, Marbella, Torrox - Cristaleria Aligator Wintergarten und Terrassenverglasung auch in Sotogrande Costa del Sol","breadcrumb":{"@id":"https:\/\/grupo-aligator.com\/de\/gelenkarm-markisen\/#breadcrumb"},"inLanguage":"de","potentialAction":[{"@type":"ReadAction","target":["https:\/\/grupo-aligator.com\/de\/gelenkarm-markisen\/"]}]},{"@type":"BreadcrumbList","@id":"https:\/\/grupo-aligator.com\/de\/gelenkarm-markisen\/#breadcrumb","itemListElement":[{"@type":"ListItem","position":1,"name":"Home","item":"https:\/\/grupo-aligator.com\/de\/"},{"@type":"ListItem","position":2,"name":"Gelenkarm-Markisen"}]},{"@type":"WebSite","@id":"https:\/\/grupo-aligator.com\/de\/#website","url":"https:\/\/grupo-aligator.com\/de\/","name":"","description":"","publisher":{"@id":"https:\/\/grupo-aligator.com\/de\/#organization"},"potentialAction":[{"@type":"SearchAction","target":{"@type":"EntryPoint","urlTemplate":"https:\/\/grupo-aligator.com\/de\/?s={search_term_string}"},"query-input":"required name=search_term_string"}],"inLanguage":"de"},{"@type":"Organization","@id":"https:\/\/grupo-aligator.com\/de\/#organization","name":"Cristaleria Aligator S.L.","url":"https:\/\/grupo-aligator.com\/de\/","logo":{"@type":"ImageObject","inLanguage":"de","@id":"https:\/\/grupo-aligator.com\/de\/#\/schema\/logo\/image\/","url":"http:\/\/grupo-aligator.com\/wp-content\/uploads\/2019\/11\/aligator-logo-de.png","contentUrl":"http:\/\/grupo-aligator.com\/wp-content\/uploads\/2019\/11\/aligator-logo-de.png","width":150,"height":160,"caption":"Cristaleria Aligator S.L."},"image":{"@id":"https:\/\/grupo-aligator.com\/de\/#\/schema\/logo\/image\/"}}]}},"_links":{"self":[{"href":"https:\/\/grupo-aligator.com\/de\/wp-json\/wp\/v2\/pages\/133"}],"collection":[{"href":"https:\/\/grupo-aligator.com\/de\/wp-json\/wp\/v2\/pages"}],"about":[{"href":"https:\/\/grupo-aligator.com\/de\/wp-json\/wp\/v2\/types\/page"}],"author":[{"embeddable":true,"href":"https:\/\/grupo-aligator.com\/de\/wp-json\/wp\/v2\/users\/1"}],"replies":[{"embeddable":true,"href":"https:\/\/grupo-aligator.com\/de\/wp-json\/wp\/v2\/comments?post=133"}],"version-history":[{"count":19,"href":"https:\/\/grupo-aligator.com\/de\/wp-json\/wp\/v2\/pages\/133\/revisions"}],"predecessor-version":[{"id":6233,"href":"https:\/\/grupo-aligator.com\/de\/wp-json\/wp\/v2\/pages\/133\/revisions\/6233"}],"wp:attachment":[{"href":"https:\/\/grupo-aligator.com\/de\/wp-json\/wp\/v2\/media?parent=133"}],"curies":[{"name":"wp","href":"https:\/\/api.w.org\/{rel}","templated":true}]}}

<div id="aligator-logo-de"></div>
<div id="toldos-aligator-description">
<p>Eine Gelenkarmmarkise wird sehr häufig für Wintergarten- oder Terrassenbeschattung eingesetzt.</p>
<p>Wir bieten Ihnen die Möglichkeit, Ihre eigene Markise selbst von der Größe bis zum individuellen Dessin zu konfigurieren. Wir passen mit Ihnen die Markise an Ihre Bedürfnisse an und wählen Sie dazu auch das passende Zubehör.</p>
<p>&nbsp;</p>
</div>
<div id="toldos-columns">
<div class="toldos-column">
<div class="toldos-column-logo"><a href="http://grupo-aligator.com/de/gelenkarm-markisen-llaza/"><img decoding="async" src="/wp-content/uploads/2013/09/llaza-logo.png" alt="" /></a></div>
<div class="toldos-column-logo-text"></div>
<div class="toldos-column-logo-text"></div>
<div class="toldos-column-image"><a href="http://grupo-aligator.com/de/gelenkarm-markisen-llaza/"><img decoding="async" src="/wp-content/uploads/2013/09/gelenkarm-markisen-llaza.png" alt="" /></a><br />
<img decoding="async" class="toldos-column-image-watermark" src="/wp-content/uploads/2014/09/made-in-spain-watermark.png" alt="" /></div>
</div>
<div class="toldos-column">
<div class="toldos-column-logo"><a href="http://grupo-aligator.com/de/gelenkarm-markisen-warema/"><img decoding="async" src="/wp-content/uploads/2013/09/warema-logo.png" alt="" /></a></div>
<div class="toldos-column-logo-text"></div>
<div class="toldos-column-logo-text"></div>
<div class="toldos-column-image"><a href="http://grupo-aligator.com/de/gelenkarm-markisen-warema/"><img decoding="async" src="/wp-content/uploads/2013/09/gelenkarm-markisen-warema.png" alt="" /></a><br />
<img decoding="async" class="toldos-column-image-watermark" src="/wp-content/uploads/2013/09/toldos-column-image-watermark.png" alt="" /></div>
</div>
</div>

<p>Eine Gelenkarmmarkise wird sehr häufig für Wintergarten- oder Terrassenbeschattung eingesetzt. Wir bieten Ihnen die Möglichkeit, Ihre eigene Markise selbst von der Größe bis zum individuellen Dessin zu konfigurieren. Wir passen mit Ihnen die Markise an Ihre Bedürfnisse an und wählen Sie dazu auch das passende Zubehör. &nbsp;</p>
